{"text_format":"1","workbook":"xlsx","n_sheets":5,"sheets":["Lists","DATA","Results","KG Records","LB Records"],"not_rendered":{"charts":0,"images":0,"macros":1,"external_links":1,"defined_names":2,"comments":2,"pivot_tables":0},"unopened":[],"bounds":{"document_bytes":16777216,"sheet_cells":100000,"rows_first":2000,"rows_last":500,"rows_between":2000,"halvings":0,"cell_chars":16384,"cell_head_chars":4096},"cells_cut":0,"cells_raw":0,"read":"whole","date_system":"1900"}

{"sheet":"Lists","index":0,"n_rows":67,"n_cols":23,"rows_kept":67,"cut":false,"hidden":true,"merged":[]}
["Attempts",null,"col",null,{"$f":"MATCH(#REF!,Lists!F1:J1,0)","v":{"$error":"#REF!"}},"Powerlifting (3 lift meet)","Squat Only","Bench Press Only","Deadlift Only","Push Pull (Bench & Deadlift)",null,"column #","column Ltr",null,"Barload for Next Lifter"]
["Squat 1","SQ-1",11,null,{"$f":"OFFSET(E2,0,$E$1)","v":{"$error":"#REF!"}},"Squat 1","Squat 1","Bench Press 1","Deadlift 1","Bench Press 1",null,1,"A",null,null,{"$f":"#REF!","v":{"$error":"#REF!"}},null,null,null,null,null,null,"Y1"]
["Squat 2","SQ-2",12,null,{"$error":"#REF!"},"Squat 2","Squat 2","Bench Press 2","Deadlift 2","Bench Press 2",null,2,"B",null,null,{"$f":"ABS(Lists!B41)","v":{"$error":"#REF!"}},{"$f":"2*(Q6*P6+Q7*P7+Q8*P8+Q9*P9+Q10*P10+Q11*P11+Q12*P12+Q13*P13+Q14*P14+Q15*P15+Q16*P16)+Q35","v":{"$error":"#REF!"}},null,null,null,null,null,"Y2"]
["Squat 3","SQ-3",13,null,{"$error":"#REF!"},"Squat 3","Squat 3","Bench Press 3","Deadlift 3","Bench Press 3",null,3,"C",null,"How","Pound","LOAD",null,null,null,null,null,"Y3"]
["Bench Press 1","BP-1",16,null,{"$error":"#REF!"},"Bench Press 1","------------","------------","------------","Deadlift 1",null,4,"D",null,"Many?","Plates","on Bar",null,null,null,null,null,"T1"]
["Bench Press 2","BP-2",17,null,{"$error":"#REF!"},"Bench Press 2","New Lifter","New Lifter","New Lifter","Deadlift 2",null,5,"E",null,{"$f":"#REF!","v":{"$error":"#REF!"}},110,{"$f":"IF(OR(P3<Q35,P2=\"Kg\"),0,MIN(INT((P3-Q35)/(2*P6)),O6/2))","v":{"$error":"#REF!"}},{"$f":"IF(Q6=0,\"\",IF(Q6>1,CONCATENATE(Q6,\"/\",P6,\" \"),CONCATENATE(P6,\" \")))","v":{"$error":"#REF!"}},null,null,null,null,"T2"]
["Bench Press 3","BP-3",18,null,{"$error":"#REF!"},"Bench Press 3",null,null,null,"Deadlift 3",null,6,"F",null,{"$f":"#REF!","v":{"$error":"#REF!"}},100,{"$f":"IF(OR(P3<Q35,P2=\"Kg\"),0,MIN(INT((P3-Q35-2*Q6*P6)/(2*P7)),O7/2))","v":{"$error":"#REF!"}},{"$f":"IF(Q7=0,\"\",IF(Q7>1,CONCATENATE(Q7,\"/\",P7,\" \"),CONCATENATE(P7,\" \")))","v":{"$error":"#REF!"}},null,null,null,null,"T3"]
["Deadlift 1","DL-1",21,null,{"$error":"#REF!"},"Deadlift 1",null,null,null,"------------",null,7,"G",null,{"$f":"#REF!","v":{"$error":"#REF!"}},55,{"$f":"IF(OR(P3<Q35,P2=\"Kg\"),0,MIN(INT((P3-Q35-2*Q6*P6-2*Q7*P7)/(2*P8)),O8/2))","v":{"$error":"#REF!"}},{"$f":"IF(Q8=0,\"\",IF(Q8>1,CONCATENATE(Q8,\"/\",P8,\" \"),CONCATENATE(P8,\" \")))","v":{"$error":"#REF!"}},null,null,null,null,"JR"]
["Deadlift 2","DL-2",22,null,{"$error":"#REF!"},"Deadlift 2",null,null,null,"New Lifter",null,8,"H",null,{"$f":"#REF!","v":{"$error":"#REF!"}},45,{"$f":"IF(OR(P3<Q35,P2=\"Kg\"),0,MIN(INT((P3-Q35-2*Q6*P6-2*Q7*P7-2*Q8*P8)/(2*P9)),O9/2))","v":{"$error":"#REF!"}},{"$f":"IF(Q9=0,\"\",IF(Q9>1,CONCATENATE(Q9,\"/\",P9,\" \"),CONCATENATE(P9,\" \")))","v":{"$error":"#REF!"}},null,null,null,null,"O"]
["Deadlift 3","DL-3",23,null,{"$error":"#REF!"},"Deadlift 3",null,null,null,null,null,9,"I",null,{"$f":"#REF!","v":{"$error":"#REF!"}},35,{"$f":"IF(OR(P3<Q35,P2=\"Kg\"),0,MIN(INT((P3-Q35-2*Q6*P6-2*Q7*P7-2*Q8*P8-2*Q9*P9)/(2*P10)),O10/2))","v":{"$error":"#REF!"}},{"$f":"IF(Q10=0,\"\",IF(Q10>1,CONCATENATE(P10,\"/\",Q10,\" \"),CONCATENATE(P10,\" \")))","v":{"$error":"#REF!"}},null,null,null,null,"M1a"]
["------------",null,null,null,"------------","------------",null,null,null,null,null,10,"J",null,{"$f":"#REF!","v":{"$error":"#REF!"}},25,{"$f":"IF(OR(P3<Q35,P2=\"Kg\"),0,MIN(INT((P3-Q35-2*Q6*P6-2*Q7*P7-2*Q8*P8-2*Q9*P9-2*Q10*P10)/(2*P11)),O11/2))","v":{"$error":"#REF!"}},{"$error":"#REF!"},null,null,null,null,"M1b"]
["New Lifter",null,null,null,{"$f":"OFFSET(E12,0,$E$1)","v":{"$error":"#REF!"}},"New Lifter",null,null,null,null,null,11,"K",null,{"$f":"#REF!","v":{"$error":"#REF!"}},10,{"$f":"IF(OR(P3<Q35,P2=\"Kg\"),0,MIN(INT((P3-Q35-2*Q6*P6-2*Q7*P7-2*Q8*P8-2*Q9*P9-2*Q10*P10-2*Q11*P11)/(2*P12)),O12/2))","v":{"$error":"#REF!"}},{"$error":"#REF!"},null,null,null,null,"M2a"]
["Deadlift 2",null,null,null,null,null,null,null,null,null,null,12,"L",null,{"$f":"#REF!","v":{"$error":"#REF!"}},5,{"$f":"IF(OR(P3<Q35,P2=\"Kg\"),0,MIN(INT((P3-Q35-2*Q6*P6-2*Q7*P7-2*Q8*P8-2*Q9*P9-2*Q10*P10-2*Q11*P11-2*Q12*P12)/(2*P13)),O13/2))","v":{"$error":"#REF!"}},{"$error":"#REF!"},null,null,null,null,"M2b"]
["Weigh-in Macro values",null,null,null,null,null,null,null,null,null,null,13,"M",null,{"$f":"#REF!","v":{"$error":"#REF!"}},2.5,{"$f":"IF(OR(P3<Q35,P2=\"Kg\"),0,MIN(INT((P3-Q35-2*Q6*P6-2*Q7*P7-2*Q8*P8-2*Q9*P9-2*Q10*P10-2*Q11*P11-2*Q12*P12-2*Q13*P13)/(2*P14)),O14/2))","v":{"$error":"#REF!"}},{"$error":"#REF!"},null,null,null,null,"M3a"]
["Endrow (RowSort, EndSort for SQ1 BP1 DL1)",{"$f":"COUNTA(INDIRECT(\"Lifting!B13:B500\"))+12","v":13},null,null,null,null,null,null,null,null,null,14,"N",null,{"$f":"#REF!","v":{"$error":"#REF!"}},1.25,{"$f":"IF(OR(P3<Q35,P2=\"Kg\"),0,MIN(INT((P3-Q35-2*Q6*P6-2*Q7*P7-2*Q8*P8-2*Q9*P9-2*Q10*P10-2*Q11*P11-2*Q12*P12-2*Q13*P13-2*Q14*P14)/(2*P15)),O15/2))","v":{"$error":"#REF!"}},{"$error":"#REF!"},null,null,null,null,"M3b"]
["CopyRows",{"$f":"COUNTA(INDIRECT(\"'Weigh-In'!E1:E500\"))+1","v":2},null,null,null,null,null,null,null,null,null,15,"O",null,{"$f":"#REF!","v":{"$error":"#REF!"}},0.5,{"$f":"IF(OR(P3<Q35,P2=\"Kg\"),0,MIN(INT((P3-Q35-2*Q6*P6-2*Q7*P7-2*Q8*P8-2*Q9*P9-2*Q10*P10-2*Q11*P11-2*Q12*P12-2*Q13*P13-2*Q14*P14-2*Q15*P15)/(2*P16)),O16/2))","v":{"$error":"#REF!"}},{"$error":"#REF!"},null,null,null,null,"M4a"]
[null,null,null,null,null,null,null,null,null,null,null,16,"P",null,null,{"$f":"#REF!","v":{"$error":"#REF!"}},null,null,null,null,null,null,"M4b"]
["Lifting Sheet Macro Values",null,null,null,null,null,null,null,null,null,null,17,"Q",null,null,{"$f":"P3","v":{"$error":"#REF!"}},{"$f":"2*(Q21*P21+Q22*P22+Q23*P23+Q24*P24+Q25*P25+Q26*P26+Q27*P27+Q28*P28+Q29*P29+Q30*P30+Q31*P31)+Q36","v":{"$error":"#REF!"}},null,null,null,null,null,"M5a"]
["Lifting Sheet Sort","on",null,null,null,null,null,null,null,null,null,18,"R",null,"How","Kilo","LOAD",null,null,null,null,null,"M5b"]
["Lifting sheet row",13,null,null,null,null,null,null,null,null,null,19,"S",null,"Many?","Plates","on Bar",null,null,null,null,null,"M6"]
["Lifting sheet column",1,null,null,null,null,null,null,null,null,null,20,"T",null,{"$f":"#REF!","v":{"$error":"#REF!"}},50,{"$f":"IF(OR(P3<Q36,P17=\"Lb\"),0,MIN(INT((P18-Q36)/(2*P21)),O21/2))","v":{"$error":"#REF!"}},{"$f":"IF(Q21=0,\"\",IF(Q21>1,CONCATENATE(Q21,\"/\",P21,\" \"),CONCATENATE(P21,\" \")))","v":{"$error":"#REF!"}},null,null,null,null,"R-T1"]
["Lifting Sheet Cell",{"$f":"ADDRESS(B20,B21,,1,\"Lifting\")","v":"Lifting!$A$13"},null,null,null,null,null,null,null,null,null,21,"U",null,{"$f":"#REF!","v":{"$error":"#REF!"}},45,{"$f":"IF(OR(P3<Q36,P17=\"Lb\"),0,MIN(INT((P18-Q36-2*Q21*P21)/(2*P22)),O22/2))","v":{"$error":"#REF!"}},{"$f":"IF(Q22=0,\"\",IF(Q22>1,CONCATENATE(Q22,\"/\",P22,\" \"),CONCATENATE(P22,\" \")))","v":{"$error":"#REF!"}},null,null,null,null,"R-T2"]
["Attempt",{"$f":"VLOOKUP(#REF!,Lists!A2:C10,2,FALSE)","v":{"$error":"#REF!"}},null,null,null,null,null,null,null,null,null,22,"V",null,{"$f":"#REF!","v":{"$error":"#REF!"}},25,{"$f":"IF(OR(P3<Q36,P17=\"Lb\"),0,MIN(INT((P18-Q36-2*Q21*P21-2*Q22*P22)/(2*P23)),O23/2))","v":{"$error":"#REF!"}},{"$f":"IF(Q23=0,\"\",IF(Q23>1,CONCATENATE(Q23,\"/\",P23,\" \"),CONCATENATE(P23,\" \")))","v":{"$error":"#REF!"}},null,null,null,null,"R-T3"]
["Attempt column",{"$f":"MATCH(B23,INDIRECT(\"Lifting!A11:AZ11\"),0)","v":{"$error":"#REF!"}},null,null,null,null,null,null,null,null,null,23,"W",null,{"$f":"#REF!","v":{"$error":"#REF!"}},20,{"$f":"IF(OR(P3<Q36,P17=\"Lb\"),0,MIN(INT((P18-Q36-2*Q21*P21-2*Q22*P22-2*Q23*P23)/(2*P24)),O24/2))","v":{"$error":"#REF!"}},{"$f":"IF(Q24=0,\"\",IF(Q24>1,CONCATENATE(P24,\"/\",Q24,\" \"),CONCATENATE(P24,\" \")))","v":{"$error":"#REF!"}},null,null,null,null,"R-Y1"]
["Active lifter row",{"$f":"MATCH(#REF!,INDIRECT(\"Lifting!B1:B500\"),0)","v":{"$error":"#REF!"}},null,null,null,null,null,null,null,null,null,24,"X",null,{"$f":"#REF!","v":{"$error":"#REF!"}},15,{"$f":"IF(OR(P3<Q36,P17=\"Lb\"),0,MIN(INT((P18-Q36-2*Q21*P21-2*Q22*P22-2*Q23*P23-2*Q24*P24)/(2*P25)),O25/2))","v":{"$error":"#REF!"}},{"$error":"#REF!"},null,null,null,null,"R-Y2"]
["Last Row",{"$f":"COUNTA(INDIRECT(\"Lifting!B12:B500\"))+12","v":13},null,null,null,null,null,null,null,null,null,25,"Y",null,{"$f":"#REF!","v":{"$error":"#REF!"}},10,{"$f":"IF(OR(P3<Q36,P17=\"Lb\"),0,MIN(INT((P18-Q36-2*Q21*P21-2*Q22*P22-2*Q23*P23-2*Q24*P24-2*Q25*P25)/(2*P26)),O26/2))","v":{"$error":"#REF!"}},{"$error":"#REF!"},null,null,null,null,"R-Y3"]
["Event Flight","C",{"$f":"VLOOKUP(#REF!,#REF!,2,FALSE)","v":{"$error":"#REF!"}},null,null,null,null,null,null,null,null,26,"Z",null,{"$f":"#REF!","v":{"$error":"#REF!"}},5,{"$f":"IF(OR(P3<Q36,P17=\"Lb\"),0,MIN(INT((P18-Q36-2*Q21*P21-2*Q22*P22-2*Q23*P23-2*Q24*P24-2*Q25*P25-2*Q26*P26)/(2*P27)),O27/2))","v":{"$error":"#REF!"}},{"$error":"#REF!"},null,null,null,null,"R-JR"]
["event flight 1st row (RowSort, StartSort)",{"$f":"MATCH(B27,INDIRECT(\"Lifting!A1:A500\"),0)","v":{"$error":"#REF!"}},null,null,null,null,null,null,null,null,null,null,null,null,{"$f":"#REF!","v":{"$error":"#REF!"}},2.5,{"$f":"IF(OR(P3<Q36,P17=\"Lb\"),0,MIN(INT((P18-Q36-2*Q21*P21-2*Q22*P22-2*Q23*P23-2*Q24*P24-2*Q25*P25-2*Q26*P26-2*Q27*P27)/(2*P28)),O28/2))","v":{"$error":"#REF!"}},{"$error":"#REF!"},null,null,null,null,"R-O"]
["event flight last row (RowSort, EndSort)",{"$f":"COUNTIF(INDIRECT(\"Lifting!A1:A500\"),B27)+B28","v":{"$error":"#REF!"}},null,null,null,null,null,null,null,null,null,null,null,null,{"$f":"#REF!","v":{"$error":"#REF!"}},1.25,{"$f":"IF(OR(P3<Q36,P17=\"Lb\"),0,MIN(INT((P18-Q36-2*Q21*P21-2*Q22*P22-2*Q23*P23-2*Q24*P24-2*Q25*P25-2*Q26*P26-2*Q27*P27-2*Q28*P28)/(2*P29)),O29/2))","v":{"$error":"#REF!"}},{"$error":"#REF!"},null,null,null,null,"R-M1A"]
["Sort Column #",23,null,null,null,null,null,null,null,null,null,null,null,null,{"$f":"#REF!","v":{"$error":"#REF!"}},0.5,{"$f":"IF(OR(P3<Q36,P17=\"Lb\"),0,MIN(INT((P18-Q36-2*Q21*P21-2*Q22*P22-2*Q23*P23-2*Q24*P24-2*Q25*P25-2*Q26*P26-2*Q27*P27-2*Q28*P28-2*Q29*P29)/(2*P30)),O30/2))","v":{"$error":"#REF!"}},{"$error":"#REF!"},null,null,null,null,"R-M1B"]
["Sort Column Ltr",{"$f":"VLOOKUP(B30,L2:M27,2,FALSE)","v":"W"},null,null,null,null,null,null,null,null,null,null,null,null,{"$f":"#REF!","v":{"$error":"#REF!"}},0.25,{"$f":"IF(OR(P3<Q36,P17=\"Lb\"),0,MIN(INT((P18-Q36-2*Q21*P21-2*Q22*P22-2*Q23*P23-2*Q24*P24-2*Q25*P25-2*Q26*P26-2*Q27*P27-2*Q28*P28-2*Q29*P29-2*Q30*P30)/(2*P31)),O31/2))","v":{"$error":"#REF!"}},{"$error":"#REF!"},null,null,null,null,"R-M2A"]
["Active Flt Last Row",{"$f":"COUNTIF(INDIRECT(\"Lifting!A1:A500\"),B27)+12","v":{"$error":"#REF!"}},null,null,null,null,null,null,null,null,null,null,null,null,null,null,null,null,null,null,null,null,"R-M2B"]
["Max index SQ",{"$f":"MAX(INDIRECT(\"Lifting!AJ1:AJ500\"))","v":{"$error":"#REF!"}},null,null,null,null,null,null,null,null,null,null,null,null,null,null,null,null,null,null,null,null,"R-M3A"]
["Max index BP",{"$f":"MAX(INDIRECT(\"Lifting!AK1:AK500\"))","v":{"$error":"#REF!"}},null,null,null,null,null,null,null,null,null,null,null,null,null,null,null,null,null,null,null,null,"R-M3B"]
["Max index DL",{"$f":"MAX(INDIRECT(\"Lifting!AL1:AL500\"))","v":{"$error":"#REF!"}},null,null,null,null,null,null,null,null,null,null,null,null,"bar & collars - lbs",null,{"$f":"#REF!","v":{"$error":"#REF!"}},null,null,null,null,null,"R-M4A"]
["Wt on Bar",{"$f":"ABS(INDIRECT(CONCATENATE(\"Lifting!\",VLOOKUP(B24,L2:M27,2,FALSE),B25)))","v":{"$error":"#REF!"}},null,null,null,null,null,null,null,null,null,null,null,null,"bar & collars - kg",null,{"$f":"#REF!","v":{"$error":"#REF!"}},null,null,null,null,null,"R-M4B"]
["Rack Height",{"$f":"IF(LEFT(B23,1)=\"D\",\"\",CONCATENATE(\"Rack \",INDIRECT(CONCATENATE(\"Lifting!\",IF(LEFT(B23,1)=\"S\",\"J\",IF(LEFT(B23,1)=\"B\",\"O\",\"Z\")),B25))))","v":{"$error":"#REF!"}},null,null,null,null,null,null,null,null,null,null,null,null,null,null,null,null,null,null,null,null,"R-M5A"]
["Placing Code Max",{"$f":"MAX(INDIRECT(\"Setup!K6:K500\"))","v":{"$error":"#REF!"}},null,null,null,null,null,null,null,null,null,null,null,"on deck barload",{"$f":"IF(AND(RIGHT(B23,1)=\"3\",B25=B32),\"\",CONCATENATE(\"On Deck Barload \",R6,R7,R8,R9,R10,R11,R12,R13,R14,R15,R16,R21,R22,R23,R24,R25,R26,R27,R28,R29,R30,R31))","v":{"$error":"#REF!"}},null,null,null,null,null,null,null,"R-M5B"]
["Lifter Wt Cls",{"$f":"VLOOKUP(B64,INDIRECT(E64),IF(LEFT(B40,1)=\"M\",2,3),TRUE)","v":{"$error":"#REF!"}}]
["Lifter Div",{"$f":"INDIRECT(CONCATENATE(\"Lifting!D\",B25))","v":{"$error":"#REF!"}},null,null,"Lifter Lot#","Repeats"]
["Next Barload",{"$f":"INDIRECT(ADDRESS(IF(B25+F41>=B29,13,B25+F41),IF(B25+F41>=B29,B24+1,B24),1,1,\"Lifting\"))","v":{"$error":"#REF!"}},null,{"$f":"AND(B32=B25,RIGHT(B23,1)=3)","v":{"$error":"#REF!"}},{"$f":"INDIRECT(ADDRESS(Lists!B25,7,1,1,\"Lifting\"))","v":{"$error":"#REF!"}},{"$f":"COUNTIF(INDIRECT(\"Lifting!B13:B100\"),#REF!)","v":{"$error":"#REF!"}}]
["QuickPrint PasteCol",{"$f":"COUNTA(INDIRECT(\"QuickPrint!A2:A500\"))+1","v":2}]
["QuickPrint RowClear",{"$f":"COUNTA(INDIRECT(\"QuickPrint!B1:B500\"))+6","v":7}]
["Entered in Event",{"$f":"COUNTIF(INDIRECT(\"Lifting!AM1:AM500\"),1)","v":{"$error":"#REF!"}}]
["PasteRow on QuickPrint",{"$f":"C45+D45","v":3},{"$f":"COUNTA(INDIRECT(\"QuickPrint!B1:B200\"))+1","v":2},{"$f":"COUNTIF(Results!B:B,\"Name\")","v":1}]
["Next Flt Sort Value",{"$f":"INDIRECT(CONCATENATE(\"Lifting!\",IF(B23=\"SQ-3\",\"AK\",\"AL\"),B32+1))","v":{"$error":"#REF!"}},"sorts next flt if = 0"]
["Next Flt sort Col",{"$f":"IF(B23=\"SQ-3\",\"P\",\"U\")","v":{"$error":"#REF!"}}]
["Next flt Start",{"$f":"IFERROR(MATCH(1,INDIRECT(\"Lifting!AH1:AH500\"),0),0)","v":0}]
["Next flt end",{"$f":"COUNTIF(#REF!,INDIRECT(ADDRESS(B32+1,1,1,1,\"Lifting\")))+B32","v":{"$error":"#REF!"}},null,null,"Wt Class-Event-Div","BP only","DL only",{"$f":"IF(IFERROR(SEARCH(\"PL\",INDIRECT(CONCATENATE(\"Lifting!AE\",B25))),0)>0,\"PL\",\"\")","v":""},"div","lookup Event"]
["Concatenated Record Data",null,null,null,{"$f":"CONCATENATE(Lists!B39,\"-\",J50)","v":{"$error":"#REF!"}},{"$f":"IFERROR(IF(AND(SEARCH(\"BP\",INDIRECT(CONCATENATE(\"Lifting!AE\",B25))),LEFT(B23,2)=\"BP\"),\"BPO\",\"\"),\"\")","v":""},{"$f":"IFERROR(IF(AND(SEARCH(\"DL\",INDIRECT(CONCATENATE(\"Lifting!AE\",B25))),LEFT(B23,2)=\"DL\"),\"DLO\",\"\"),\"\")","v":""},{"$f":"LEFT(B23,2)","v":{"$error":"#REF!"}},{"$f":"CONCATENATE(IF(MID(B40,2,1)=\"R\",\"R-\",\"\"),VLOOKUP(INDIRECT(CONCATENATE(\"Lifting!AS\",B25)),DATA!E35:F52,2,TRUE))","v":{"$error":"#REF!"}},{"$f":"IF(IFERROR(SEARCH(\"PL\",INDIRECT(CONCATENATE(\"Lifting!AE\",B25))),0)+IFERROR(SEARCH(\"PP\",INDIRECT(CONCATENATE(\"Lifting!AE\",B25))),0)>0,H50,CONCATENATE(F50,G50))","v":""}]
["Number of lifter in Event",{"$f":"SUM(INDIRECT(\"Lifting!AM1:AM500\"))","v":{"$error":"#REF!"}},null,null,{"$f":"IFERROR(OFFSET(INDIRECT(B56),MATCH(E50,DATA!AF1:AF150,0)-1,I51-1),\"\")","v":""},{"$f":"IFERROR(OFFSET(INDIRECT(B56),MATCH(E50,DATA!AF1:AF150,0)-1,I53-1),\"\")","v":""},null,null,{"$f":"IFERROR(MATCH(I50,INDIRECT(\"'KG Records'!1:1\"),0),\"\")","v":""}]
[null,null,null,null,{"$f":"CONCATENATE(Lists!B39,\"-TL\")","v":{"$error":"#REF!"}},null,null,null,{"$f":"CONCATENATE(IF(LEFT(I50,1)=\"R\",\"R-\",\"\"),\"O\")","v":{"$error":"#REF!"}}]
[null,null,null,null,{"$f":"IFERROR(IF(H49=\"PL\",OFFSET(INDIRECT(B56),MATCH(E52,DATA!AF1:AF150,0)-1,I51-1),\"\"),\"\")","v":""},{"$f":"IFERROR(IF(H49=\"PL\",OFFSET(INDIRECT(B56),MATCH(E52,DATA!AF1:AF150,0)-1,I53-1),\"\"),\"\")","v":""},null,null,{"$f":"IFERROR(MATCH(I52,INDIRECT(\"'KG Records'!1:1\"),0),\"\")","v":""}]
[]
["Record Lookups LB or Kilos",{"$f":"#REF!","v":{"$error":"#REF!"}}]
[null,{"$f":"IF(B55=\"Kg\",\"'KG Records'!$A$1\",\"'LB Records'!$A$1\")","v":{"$error":"#REF!"}}]
[null,{"$f":"IF(B55=\"Kg\",\"'KG Records'!$A1:$AO1\",\"'LB Records'!$A1:$AO1\")","v":{"$error":"#REF!"}}]
[null,{"$f":"IF(B55=\"Kg\",\"'KG Records'!$A1:$A110\",\"'LB Records'!$A1:$A110\")","v":{"$error":"#REF!"}}]
[]
[]
["Record Lookups"]
["body weights in",{"$f":"#REF!","v":{"$error":"#REF!"}},null,null,null,null,null,null,{"$f":"VLOOKUP(INDIRECT(CONCATENATE(\"Lifting!AS\",B25)),DATA!E35:F52,2,TRUE)","v":{"$error":"#REF!"}}]
["Weight classes ",{"$f":"#REF!","v":{"$error":"#REF!"}}]
["bodyweight",{"$f":"INDIRECT(CONCATENATE(\"Lifting!E\",B25))","v":{"$error":"#REF!"}},null,{"$f":"VLOOKUP(B64,INDIRECT(E64),IF(LEFT(B40,1)=\"M\",2,3),TRUE)","v":{"$error":"#REF!"}},{"$f":"IF(AND(B62=\"Kilograms\",B63=\"High School Wt Classes\"),\"DATA!X2:Z22\",IF(AND(B62=\"Pounds\",B63=\"High School Wt Classes\"),\"DATA!R2:T22\",IF(AND(B62=\"Kilograms\",B63=\"IPF Wt Classes\"),\"DATA!X2:Z22\",\"DATA!R2:T22\")))","v":{"$error":"#REF!"}}]
[]
[]
["pasterow on Results sheet",{"$f":"COUNTA(#REF!)+1","v":2}]

{"sheet":"DATA","index":1,"n_rows":151,"n_cols":43,"rows_kept":151,"cut":false,"hidden":true,"merged":[[0,36,0,38],[0,40,0,42]]}
["Age","Coeff",null,null,"wt","IPF Men-kg","IPF women-kg",null,"wt class list","rank",null,"US State:","USAPL",null,"WT","HS Men-lb","HS Women-lb","WT","IPF Men-lb","IPF women-lb","wt","HS Men-kg","HS women-kg","wt","IPF Men-kg","IPF women-kg",null,"wt class rank kg","wt class rank lb","wt class rank kg",null,null,null,null,null,null,"USAPL Dvisions",null,null,null,"IPF Divisions"]
[14,1.23,"Foster",null,10,30,30,null,43,1,null,"Alabama","AL",null,88.186204599999996,114,97,22.045999999999999,66,66,10,52,44,10,30,30,null,30,66,30,null,"30-SQ","30-SQ","66-SQ",null,null,"FR-Y1","Raw Women (8-9)",1,null,"FR-SJr","Raw Women (14-18)",1]
[15,1.18,null,null,30.001000000000001,35,35,null,44,2,null,"Alaska","AK",null,97.004604599999993,114,105,66.140204600000004,77,77,44.000999999999998,52,48,30.001000000000001,35,35,null,35,77,35,null,"30-BP","30-BP","66-BP",null,null,"FR-Y2","Raw Women (10-11)",1,null,"FR-Jr","Raw Women (19-23)",1]
[16,1.1299999999999999,null,null,35.000999999999998,40,40,null,47,3,null,"Arizona","AZ",null,105.8230046,114,114,77.1632046,88,88,48.000999999999998,52,52,35.000999999999998,40,40,null,40,88,40,null,"30-DL","30-DL","66-DL",null,null,"FR-Y3","Raw Women (12-13)",1,null,"FR-O","Raw Women",1]
[17,1.08,null,null,40.000999999999998,44,43,null,48,4,null,"Arkansas","AR",null,114.6414046,123,123,88.186204599999996,97,94,52.000999999999998,56,56,40.000999999999998,44,43,null,43,94,43,null,"30-TL","30-TL","66-TL",null,null,"FR-T1","Raw Women (14-15)",1,null,"FR-M1","Raw Women (40-49)",1]
[18,1.06,null,null,43.000999999999998,44,47,null,52,5,null,"California","CA",null,123.4598046,132,132,94.800004599999994,97,103,56.000999999999998,60,60,43.000999999999998,44,47,null,44,97,44,null,"35-SQ","35-SQ","77-SQ",null,null,"FR-T2","Raw Women (16-17)",1,null,"FR-M2","Raw Women (50-59)",1]
[19,1.04,null,null,44.000999999999998,48,47,null,53,6,null,"Colorado","CO",null,132.27820460000001,148,148,97.004604599999993,105,103,60.000999999999998,67.5,67.5,44.000999999999998,48,47,null,47,103,47,null,"35-BP","35-BP","77-BP",null,null,"FR-T3","Raw Women (18-19)",1,null,"FR-M3","Raw Women (60-69)",1]
[20,1.03,null,null,47.000999999999998,48,52,null,56,7,null,"Connecticut","CT",null,148.81270460000002,165,165,103.61840460000001,105,114,67.501000000000005,75,75,47.000999999999998,48,52,null,48,105,48,null,"35-DL","35-DL","77-DL",null,null,"FR-JR","Raw Women (20-23)",1,null,"FR-M4","Raw Women (70+)-",1]
[21,1.02,null,null,48.000999999999998,53,52,null,57,8,null,"Delaware","DE",null,165.34720460000003,181,181,105.8230046,116,114,75.001000000000005,82.5,82.5,48.000999999999998,53,52,null,52,114,52,null,"35-TL","35-TL","77-TL",null,null,"FR-O","Raw Women",1,null,"MR-SJr","Raw Men (14-18)",1]
[22,1.01,null,null,52.000999999999998,53,57,null,59,9,null,"Florida","FL",null,181.88170460000001,198,198,114.6414046,116,125,82.501000000000005,90,90,52.000999999999998,53,57,null,53,116,53,null,"40-SQ","40-SQ","88-SQ",null,null,"FR-M1a","Raw Women (40-44)",1,null,"MR-Jr","Raw Men (19-23)",1]
[23,1,null,null,53.000999999999998,59,57,null,60,10,null,"Georgia","GA",null,198.41620460000001,220,"198+",116.8460046,130,125,90.001000000000005,100,"90+",53.000999999999998,59,57,null,56,123,56,null,"40-BP","40-BP","88-BP",null,null,"FR-M1b","Raw Women (45-49)",1,null,"MR-O","Raw Men",1]
[30,1,null,null,57.000999999999998,59,63,null,63,11,null,"Hawaii","HI",null,220.46220460000004,242,"198+",125.6644046,130,138,100.001,110,"90+",57.000999999999998,59,63,null,57,125,57,null,"40-DL","40-DL","88-DL",null,null,"FR-M2a","Raw Women (50-54)",1,null,"MR-M1","Raw Men (40-49)",1]
[40,1,"McCulloch",null,59.000999999999998,66,63,null,66,12,null,"Idaho","ID",null,242.50820460000003,275,"198+",130.07360460000001,130,138,110.001,125,"90+",59.000999999999998,66,63,null,59,130,59,null,"40-TL","40-TL","88-TL",null,null,"FR-M2b","Raw Women (55-59)",1,null,"MR-M2","Raw Men (50-59)",1]
[41,1.01,null,null,63.000999999999998,66,72,null,67.5,13,null,"Illinois","IL",null,275.57720460000002,"275+","198+",138.89200460000001,145,158,125.001,"125+","90+",63.000999999999998,66,72,null,60,132,60,null,"44-SQ","44-SQ","97-SQ",null,null,"FR-M3a","Raw Women (60-64)",1,null,"MR-M3","Raw Men (60-69)",1]
[42,1.02,null,null,66.001000000000005,74,72,null,72,14,null,"Indiana","IN",null,null,null,null,145.5058046,163,158,null,null,null,66.001000000000005,74,72,null,63,138,63,null,"44-BP","44-BP","97-BP",null,null,"FR-M3b","Raw Women (65-69)",1,null,"MR-M4","Raw Men (70+)-",1]
[43,1.0309999999999999,null,null,72.001000000000005,74,84,null,74,15,null,"Iowa","IA",null,null,null,null,158.73340460000003,163,185,null,null,null,72.001000000000005,74,84,null,66,145,66,null,"44-DL","44-DL","97-DL",null,null,"FR-M4a","Raw Women (70-74)",1,null,"F-SJr"," Women (14 -18)",1]
[44,1.0429999999999999,null,null,74.001000000000005,83,84,null,75,16,null,"Kansas","KS",null,null,null,null,163.14260460000003,183,185,null,null,null,74.001000000000005,83,84,null,67.5,148,67.5,null,"44-TL","44-TL","97-TL",null,null,"FR-M4b","Raw Women (75-79)",1,null,"F-Jr"," Women (19 -23)",1]
[45,1.0549999999999999,null,null,83.01,93,84,null,82.5,17,null,"Kentucky","KY",null,null,null,null,183.00384600000001,183,185,null,null,null,83.01,93,84,null,72,158,72,null,"48-SQ","48-SQ","105-SQ",null,null,"FR-M5a","Raw Women (80-84)",1,null,"F-O"," Women",1]
[46,1.0680000000000001,null,null,84.001000000000005,93,"84+",null,83,18,null,"Louisiana","LA",null,null,null,null,185.18860460000002,205,"185+",null,null,null,84.001000000000005,93,"84+",null,74,163,74,null,"48-BP","48-BP","105-BP",null,null,"FR-M5b","Raw Women (85-89)",1,null,"F-M1"," Women (40 -49)",1]
[47,1.0820000000000001,null,null,93.001000000000005,105,"84+",null,84,19,null,"Maine","ME",null,null,null,null,205.03000460000001,231,"185+",null,null,null,93.001000000000005,105,"84+",null,75,165,75,null,"48-DL","48-DL","105-DL",null,null,"FR-M6","Raw Women (90+)-",1,null,"F-M2"," Women (50 -59)",1]
[48,1.097,null,null,105.001,120,"84+",null,"84+",20,null,"Maryland","MD",null,null,null,null,231.48520460000003,264,"185+",null,null,null,105.001,120,"84+",null,82.5,181,82.5,null,"48-TL","48-TL","105-TL",null,null,"MR-Y1","Raw Men (8-9)",1,null,"F-M3"," Women (60 -69)",1]
[49,1.113,null,null,120.001,"120+","84+",null,90,21,null,"Massachusetts","MA",null,null,null,null,264.55420460000005,"264+","185+",null,null,null,120.001,"120+","84+",null,83,183,83,null,"53-SQ","53-SQ","116-SQ",null,null,"MR-Y2","Raw Men (10-11)",1,null,"F-M4"," Women (70+) -",1]
[50,1.1299999999999999,null,null,null,null,null,null,"90+",22,null,"Michigan","MI",null,null,null,null,null,null,null,null,null,null,null,null,null,null,84,185,84,null,"53-BP","53-BP","116-BP",null,null,"MR-Y3","Raw Men (12-13)",1,null,"M-SJr"," Men (14 -18)",1]
[51,1.147,null,null,null,null,null,null,93,23,null,"Minnesota","MN",null,null,null,null,null,null,null,null,null,null,null,null,null,null,"84+","185+","84+",null,"53-DL","53-DL","116-DL",null,null,"MR-T1","Raw Men (14-15)",1,null,"M-Jr"," Men (19 -23)",1]
[52,1.165,null,null,null,null,null,null,100,24,null,"Mississippi","MS",null,null,null,null,null,null,null,null,null,null,null,null,null,null,90,198,90,null,"53-TL","53-TL","116-TL",null,null,"MR-T2","Raw Men (16-17)",1,null,"M-O"," Men",1]
[53,1.1839999999999999,null,null,null,null,null,null,105,25,null,"Missouri","MO",null,null,null,null,null,null,null,null,null,null,null,null,null,null,"90+","198+","90+",null,"59-SQ","59-SQ","130-SQ",null,null,"MR-T3","Raw Men (18-19)",1,null,"M-M1"," Men (40 -49)",1]
[54,1.204,null,null,null,null,null,null,110,26,null,"Montana","MT",null,null,null,null,null,null,null,null,null,null,null,null,null,null,93,205,93,null,"59-BP","59-BP","130-BP",null,null,"MR-JR","Raw Men (20-23)",1,null,"M-M2"," Men (50 -59)",1]
[55,1.2250000000000001,null,null,null,null,null,null,120,27,null,"Nebraska","NE",null,null,null,null,null,null,null,null,null,null,null,null,null,null,100,220,100,null,"59-DL","59-DL","130-DL",null,null,"MR-O","Raw Men",1,null,"M-M3"," Men (60 -69)",1]
[56,1.246,null,null,null,null,null,null,"120+",28,null,"Nevada","NV",null,null,null,null,null,null,null,null,null,null,null,null,null,null,105,231,105,null,"59-TL","59-TL","130-TL",null,null,"MR-M1a","Raw Men (40-44)",1,null,"M-M4"," Men (70+) -",1]
[57,1.258,null,null,null,null,null,null,125,29,null,"New Hampshire","NH",null,null,null,null,null,null,null,null,null,null,null,null,null,null,110,242,110,null,"66-SQ","66-SQ","145-SQ",null,null,"MR-M1b","Raw Men (45-49)",1]
[58,1.292,null,null,null,null,null,null,"125+",30,null,"New Jersey","NJ",null,null,null,null,null,null,null,null,null,null,null,null,null,null,120,264,120,null,"66-BP","66-BP","145-BP",null,null,"MR-M2a","Raw Men (50-54)",1]
[59,1.3149999999999999,null,null,null,null,null,null,94,31,null,"New Mexico","NM",null,null,null,null,null,null,null,null,null,null,null,null,null,null,125,275,125,null,"66-DL","66-DL","145-DL",null,null,"MR-M2b","Raw Men (55-59)",1]
[60,1.34,null,null,null,null,null,null,97,32,null,"New York","NY",null,null,null,null,null,null,null,null,null,null,null,null,null,null,"120+","264+","120+",null,"66-TL","66-TL","145-TL",null,null,"MR-M3a","Raw Men (60-64)",1]
[61,1.3660000000000001,null,null,"Age","USAPL Age Div",null,null,103,33,null,"North Carolina","NC",null,null,null,null,null,null,null,null,null,null,null,null,null,null,"125+","275+","125+",null,"74-SQ","74-SQ","163-SQ",null,null,"MR-M3b","Raw Men (65-69)",1]
[62,1.393,null,null,8,"Y1",null,null,105,34,null,"North Dakota","ND",null,null,null,null,null,null,null,null,null,null,null,null,null,null,null,null,null,null,"74-BP","74-BP","163-BP",null,null,"MR-M4a","Raw Men (70-74)",1]
[63,1.421,null,null,10,"Y2",null,null,114,35,null,"Ohio","OH",null,null,null,null,null,null,null,null,null,null,null,null,null,null,null,null,null,null,"74-DL","74-DL","163-DL",null,null,"MR-M4b","Raw Men (75-79)",1]
[64,1.45,null,null,12,"Y3",null,null,116,36,null,"Oklahoma","OK",null,null,null,null,null,null,null,null,null,null,null,null,null,null,null,null,null,null,"74-TL","74-TL","163-TL",null,null,"MR-M5a","Raw Men (80-84)",1]
[65,1.48,null,null,14,"T1",null,null,123,37,null,"Oregon","OR",null,null,null,null,null,null,null,null,null,null,null,null,null,null,null,null,null,null,"83-SQ","83-SQ","183-SQ",null,null,"MR-M5b","Raw Men (85-89)",1]
[66,1.5109999999999999,null,null,16,"T2",null,null,125,38,null,"Pennsylvania","PA",null,null,null,null,null,null,null,null,null,null,null,null,null,null,null,null,null,null,"83-BP","83-BP","183-BP",null,null,"MR-M6","Raw Men (90+)-",1]
[67,1.5429999999999999,null,null,18,"T3",null,null,130,39,null,"Rhode Island","RI",null,null,null,null,null,null,null,null,null,null,null,null,null,null,null,null,null,null,"83-DL","83-DL","183-DL",null,null,"F-T1","Women (14-15)",1]
[68,1.5780000000000001,null,null,20,"Jr",null,null,132,40,null,"South Carolina","SC",null,null,null,null,null,null,null,null,null,null,null,null,null,null,null,null,null,null,"83-TL","83-TL","183-TL",null,null,"F-T2","Women (16-17)",1]
[69,1.61,null,null,24,"O",null,null,138,41,null,"South Dakota","SD",null,null,null,null,null,null,null,null,null,null,null,null,null,null,null,null,null,null,"93-SQ","93-SQ","205-SQ",null,null,"F-T3","Women (18-19)",1]
[70,1.645,null,null,40,"M1a",null,null,145,42,null,"Tennessee","TN",null,null,null,null,null,null,null,null,null,null,null,null,null,null,null,null,null,null,"93-BP","93-BP","205-BP",null,null,"F-JR","Women (20-23)",1]
[71,1.681,null,null,45,"M1b",null,null,148,43,null,"Texas","TX",null,null,null,null,null,null,null,null,null,null,null,null,null,null,null,null,null,null,"93-DL","93-DL","205-DL",null,null,"F-O","Women",1]
[72,1.718,null,null,50,"M2a",null,null,158,44,null,"Utah","UT",null,null,null,null,null,null,null,null,null,null,null,null,null,null,null,null,null,null,"93-TL","93-TL","205-TL",null,null,"F-M1a","Women (40-44)",1]
[73,1.756,null,null,55,"M2b",null,null,163,45,null,"Vermont","VT",null,null,null,null,null,null,null,null,null,null,null,null,null,null,null,null,null,null,"105-SQ","105-SQ","231-SQ",null,null,"F-M1b","Women (45-49)",1]
[74,1.7949999999999999,null,null,60,"M3a",null,null,165,46,null,"Virginia","VA",null,null,null,null,null,null,null,null,null,null,null,null,null,null,null,null,null,null,"105-BP","105-BP","231-BP",null,null,"F-M2a","Women (50-54)",1]
[75,1.835,null,null,65,"M3b",null,null,181,47,null,"Washington","WA",null,null,null,null,null,null,null,null,null,null,null,null,null,null,null,null,null,null,"105-DL","105-DL","231-DL",null,null,"F-M2b","Women (55-59)",1]
[76,1.8759999999999999,null,null,70,"M4a",null,null,182,48,null,"West Virginia","WV",null,null,null,null,null,null,null,null,null,null,null,null,null,null,null,null,null,null,"105-TL","105-TL","231-TL",null,null,"F-M3a","Women (60-64)",1]
[77,1.9179999999999999,null,null,75,"M4b",null,null,185,49,null,"Wisconsin","WI",null,null,null,null,null,null,null,null,null,null,null,null,null,null,null,null,null,null,"120-SQ","120-SQ","264-SQ",null,null,"F-M3b","Women (65-69)",1]
[78,1.9610000000000001,null,null,80,"M5a",null,null,"185+",50,null,"Wyoming","WY",null,null,null,null,null,null,null,null,null,null,null,null,null,null,null,null,null,null,"120-BP","120-BP","264-BP",null,null,"F-M4a","Women (70-74)",1]
[79,2.0049999999999999,null,null,85,"M5b","",null,198,51,null,"American Samoa","AS",null,null,null,null,null,null,null,null,null,null,null,null,null,null,null,null,null,null,"120-DL","120-DL","264-DL",null,null,"F-M4b","Women (75-79)",1]
[80,2.0499999999999998,null,null,90,"M6","",null,"198+",52,null,"District of Columbia","DC",null,null,null,null,null,null,null,null,null,null,null,null,null,null,null,null,null,null,"120-TL","120-TL","264-TL",null,null,"F-M5a","Women (80-84)",1]
[81,2.0960000000000001,null,null,null,null,"",null,205,53,null,"Federated States of Micronesia","FM",null,null,null,null,null,null,null,null,null,null,null,null,null,null,null,null,null,null,"120+-SQ","120+-SQ","264+-SQ",null,null,"F-M5b","Women (85-89)",1]
[82,2.1429999999999998,null,null,null,null,"",null,220,54,null,"Guam","GU",null,null,null,null,null,null,null,null,null,null,null,null,null,null,null,null,null,null,"120+-BP","120+-BP","264+-BP",null,null,"F-M6","Women (90+)-",1]
[83,2.19,null,null,null,null,"",null,231,55,null,"Marshall Islands","MH",null,null,null,null,null,null,null,null,null,null,null,null,null,null,null,null,null,null,"120+-DL","120+-DL","264+-DL",null,null,"M-T1","Men (14-15)",1]
[84,2.238,null,null,null,null,"",null,242,56,null,"Northern Mariana Islands","MP",null,null,null,null,null,null,null,null,null,null,null,null,null,null,null,null,null,null,"120+-TL","120+-TL","264+-TL",null,null,"M-T2","Men (16-17)",1]
[85,2.2869999999999999,null,null,null,null,"",null,264,57,null,"Palau","PW",null,null,null,null,null,null,null,null,null,null,null,null,null,null,null,null,null,null,"30-BPO","30-BPO","66-BPO",null,null,"M-T3","Men (18-19)",1]
[86,2.3370000000000002,null,null,null,null,"",null,"264+",58,null,"Puerto Rico","PR",null,null,null,null,null,null,null,null,null,null,null,null,null,null,null,null,null,null,"35-BPO","35-BPO","77-BPO",null,null,"M-JR","Men (20-23)",1]
[87,2.3879999999999999,null,null,null,null,"",null,275,59,null,"Virgin Islands","VI",null,null,null,null,null,null,null,null,null,null,null,null,null,null,null,null,null,null,"40-BPO","40-BPO","88-BPO",null,null,"M-O","Men",1]
[88,2.44,null,null,null,null,"",null,"275+",60,null,null,null,null,null,null,null,null,null,null,null,null,null,null,null,null,null,null,null,null,null,"44-BPO","44-BPO","97-BPO",null,null,"M-M1a","Men (40-44)",1]
[89,2.4940000000000002,null,null,null,null,null,null,null,null,null,null,null,null,null,null,null,null,null,null,null,null,null,null,null,null,null,null,null,null,null,"48-BPO","48-BPO","105-BPO",null,null,"M-M1b","Men (45-49)",1]
[90,2.5489999999999999,null,null,null,null,null,null,null,null,null,null,null,null,null,null,null,null,null,null,null,null,null,null,null,null,null,null,null,null,null,"53-BPO","53-BPO","116-BPO",null,null,"M-M2a","Men (50-54)",1]
[null,null,null,null,null,null,null,null,null,null,null,null,null,null,null,null,null,null,null,null,null,null,null,null,null,null,null,null,null,null,null,"59-BPO","59-BPO","130-BPO",null,null,"M-M2b","Men (55-59)",1]
[null,null,null,null,null,null,null,null,null,null,null,null,null,null,null,null,null,null,null,null,null,null,null,null,null,null,null,null,null,null,null,"66-BPO","66-BPO","145-BPO",null,null,"M-M3a","Men (60-64)",1]
[null,null,null,null,null,null,null,null,null,null,null,null,null,null,null,null,null,null,null,null,null,null,null,null,null,null,null,null,null,null,null,"74-BPO","74-BPO","163-BPO",null,null,"M-M3b","Men (65-69)",1]
[null,null,null,null,null,null,null,null,null,null,null,null,null,null,null,null,null,null,null,null,null,null,null,null,null,null,null,null,null,null,null,"83-BPO","83-BPO","183-BPO",null,null,"M-M4a","Men (70-74)",1]
[null,null,null,null,null,null,null,null,null,null,null,null,null,null,null,null,null,null,null,null,null,null,null,null,null,null,null,null,null,null,null,"93-BPO","93-BPO","205-BPO",null,null,"M-M4b","Men (75-79)",1]
[null,null,null,null,null,null,null,null,null,null,null,null,null,null,null,null,null,null,null,null,null,null,null,null,null,null,null,null,null,null,null,"105-BPO","105-BPO","231-BPO",null,null,"M-M5a","Men (80-84)",1]
[null,null,null,null,null,null,null,null,null,null,null,null,null,null,null,null,null,null,null,null,null,null,null,null,null,null,null,null,null,null,null,"120-BPO","120-BPO","264-BPO",null,null,"M-M5b","Men (85-89)",1]
[null,null,null,null,null,null,null,null,null,null,null,null,null,null,null,null,null,null,null,null,null,null,null,null,null,null,null,null,null,null,null,"120+-BPO","120+-BPO","264+-BPO",null,null,"M-M6","Men (90+)-",1]
[null,null,null,null,null,null,null,null,null,null,null,null,null,null,null,null,null,null,null,null,null,null,null,null,null,null,null,null,null,null,null,"30-DLO","30-DLO","66-DLO"]
[null,null,null,null,null,null,null,null,null,null,null,null,null,null,null,null,null,null,null,null,null,null,null,null,null,null,null,null,null,null,null,"35-DLO","35-DLO","77-DLO"]
[null,null,null,null,null,null,null,null,null,null,null,null,null,null,null,null,null,null,null,null,null,null,null,null,null,null,null,null,null,null,null,"40-DLO","40-DLO","88-DLO"]
[null,null,null,null,null,null,null,null,null,null,null,null,null,null,null,null,null,null,null,null,null,null,null,null,null,null,null,null,null,null,null,"44-DLO","44-DLO","97-DLO"]
[null,null,null,null,null,null,null,null,null,null,null,null,null,null,null,null,null,null,null,null,null,null,null,null,null,null,null,null,null,null,null,"48-DLO","48-DLO","105-DLO"]
[null,null,null,null,null,null,null,null,null,null,null,null,null,null,null,null,null,null,null,null,null,null,null,null,null,null,null,null,null,null,null,"53-DLO","53-DLO","116-DLO"]
[null,null,null,null,null,null,null,null,null,null,null,null,null,null,null,null,null,null,null,null,null,null,null,null,null,null,null,null,null,null,null,"59-DLO","59-DLO","130-DLO"]
[null,null,null,null,null,null,null,null,null,null,null,null,null,null,null,null,null,null,null,null,null,null,null,null,null,null,null,null,null,null,null,"66-DLO","66-DLO","145-DLO"]
[null,null,null,null,null,null,null,null,null,null,null,null,null,null,null,null,null,null,null,null,null,null,null,null,null,null,null,null,null,null,null,"74-DLO","74-DLO","163-DLO"]
[null,null,null,null,null,null,null,null,null,null,null,null,null,null,null,null,null,null,null,null,null,null,null,null,null,null,null,null,null,null,null,"83-DLO","83-DLO","183-DLO"]
[null,null,null,null,null,null,null,null,null,null,null,null,null,null,null,null,null,null,null,null,null,null,null,null,null,null,null,null,null,null,null,"93-DLO","93-DLO","205-DLO"]
[null,null,null,null,null,null,null,null,null,null,null,null,null,null,null,null,null,null,null,null,null,null,null,null,null,null,null,null,null,null,null,"105-DLO","105-DLO","231-DLO"]
[null,null,null,null,null,null,null,null,null,null,null,null,null,null,null,null,null,null,null,null,null,null,null,null,null,null,null,null,null,null,null,"120-DLO","120-DLO","264-DLO"]
[null,null,null,null,null,null,null,null,null,null,null,null,null,null,null,null,null,null,null,null,null,null,null,null,null,null,null,null,null,null,null,"120+-DLO","120+-DLO","264+-DLO"]
[null,null,null,null,null,null,null,null,null,null,null,null,null,null,null,null,null,null,null,null,null,null,null,null,null,null,null,null,null,null,null,"30-SQ","30-SQ","66-SQ"]
[null,null,null,null,null,null,null,null,null,null,null,null,null,null,null,null,null,null,null,null,null,null,null,null,null,null,null,null,null,null,null,"30-BP","30-BP","66-BP"]
[null,null,null,null,null,null,null,null,null,null,null,null,null,null,null,null,null,null,null,null,null,null,null,null,null,null,null,null,null,null,null,"30-DL","30-DL","66-DL"]
[null,null,null,null,null,null,null,null,null,null,null,null,null,null,null,null,null,null,null,null,null,null,null,null,null,null,null,null,null,null,null,"30-TL","30-TL","66-TL"]
[null,null,null,null,null,null,null,null,null,null,null,null,null,null,null,null,null,null,null,null,null,null,null,null,null,null,null,null,null,null,null,"35-SQ","35-SQ","77-SQ"]
[null,null,null,null,null,null,null,null,null,null,null,null,null,null,null,null,null,null,null,null,null,null,null,null,null,null,null,null,null,null,null,"35-BP","35-BP","77-BP"]
[null,null,null,null,null,null,null,null,null,null,null,null,null,null,null,null,null,null,null,null,null,null,null,null,null,null,null,null,null,null,null,"35-DL","35-DL","77-DL"]
[null,null,null,null,null,null,null,null,null,null,null,null,null,null,null,null,null,null,null,null,null,null,null,null,null,null,null,null,null,null,null,"35-TL","35-TL","77-TL"]
[null,null,null,null,null,null,null,null,null,null,null,null,null,null,null,null,null,null,null,null,null,null,null,null,null,null,null,null,null,null,null,"40-SQ","40-SQ","88-SQ"]
[null,null,null,null,null,null,null,null,null,null,null,null,null,null,null,null,null,null,null,null,null,null,null,null,null,null,null,null,null,null,null,"40-BP","40-BP","88-BP"]
[null,null,null,null,null,null,null,null,null,null,null,null,null,null,null,null,null,null,null,null,null,null,null,null,null,null,null,null,null,null,null,"40-DL","40-DL","88-DL"]
[null,null,null,null,null,null,null,null,null,null,null,null,null,null,null,null,null,null,null,null,null,null,null,null,null,null,null,null,null,null,null,"40-TL","40-TL","88-TL"]
[null,null,null,null,null,null,null,null,null,null,null,null,null,null,null,null,null,null,null,null,null,null,null,null,null,null,null,null,null,null,null,"43-SQ","43-SQ","94-SQ"]
[null,null,null,null,null,null,null,null,null,null,null,null,null,null,null,null,null,null,null,null,null,null,null,null,null,null,null,null,null,null,null,"43-BP","43-BP","94-BP"]
[null,null,null,null,null,null,null,null,null,null,null,null,null,null,null,null,null,null,null,null,null,null,null,null,null,null,null,null,null,null,null,"43-DL","43-DL","94-DL"]
[null,null,null,null,null,null,null,null,null,null,null,null,null,null,null,null,null,null,null,null,null,null,null,null,null,null,null,null,null,null,null,"43-TL","43-TL","94-TL"]
[null,null,null,null,null,null,null,null,null,null,null,null,null,null,null,null,null,null,null,null,null,null,null,null,null,null,null,null,null,null,null,"47-SQ","47-SQ","103-SQ"]
[null,null,null,null,null,null,null,null,null,null,null,null,null,null,null,null,null,null,null,null,null,null,null,null,null,null,null,null,null,null,null,"47-BP","47-BP","103-BP"]
[null,null,null,null,null,null,null,null,null,null,null,null,null,null,null,null,null,null,null,null,null,null,null,null,null,null,null,null,null,null,null,"47-DL","47-DL","103-DL"]
[null,null,null,null,null,null,null,null,null,null,null,null,null,null,null,null,null,null,null,null,null,null,null,null,null,null,null,null,null,null,null,"47-TL","47-TL","103-TL"]
[null,null,null,null,null,null,null,null,null,null,null,null,null,null,null,null,null,null,null,null,null,null,null,null,null,null,null,null,null,null,null,"52-SQ","52-SQ","114-SQ"]
[null,null,null,null,null,null,null,null,null,null,null,null,null,null,null,null,null,null,null,null,null,null,null,null,null,null,null,null,null,null,null,"52-BP","52-BP","114-BP"]
[null,null,null,null,null,null,null,null,null,null,null,null,null,null,null,null,null,null,null,null,null,null,null,null,null,null,null,null,null,null,null,"52-DL","52-DL","114-DL"]
[null,null,null,null,null,null,null,null,null,null,null,null,null,null,null,null,null,null,null,null,null,null,null,null,null,null,null,null,null,null,null,"52-TL","52-TL","114-TL"]
[null,null,null,null,null,null,null,null,null,null,null,null,null,null,null,null,null,null,null,null,null,null,null,null,null,null,null,null,null,null,null,"57-SQ","57-SQ","125-SQ"]
[null,null,null,null,null,null,null,null,null,null,null,null,null,null,null,null,null,null,null,null,null,null,null,null,null,null,null,null,null,null,null,"57-BP","57-BP","125-BP"]
[null,null,null,null,null,null,null,null,null,null,null,null,null,null,null,null,null,null,null,null,null,null,null,null,null,null,null,null,null,null,null,"57-DL","57-DL","125-DL"]
[null,null,null,null,null,null,null,null,null,null,null,null,null,null,null,null,null,null,null,null,null,null,null,null,null,null,null,null,null,null,null,"57-TL","57-TL","125-TL"]
[null,null,null,null,null,null,null,null,null,null,null,null,null,null,null,null,null,null,null,null,null,null,null,null,null,null,null,null,null,null,null,"63-SQ","63-SQ","138-SQ"]
[null,null,null,null,null,null,null,null,null,null,null,null,null,null,null,null,null,null,null,null,null,null,null,null,null,null,null,null,null,null,null,"63-BP","63-BP","138-BP"]
[null,null,null,null,null,null,null,null,null,null,null,null,null,null,null,null,null,null,null,null,null,null,null,null,null,null,null,null,null,null,null,"63-DL","63-DL","138-DL"]
[null,null,null,null,null,null,null,null,null,null,null,null,null,null,null,null,null,null,null,null,null,null,null,null,null,null,null,null,null,null,null,"63-TL","63-TL","138-TL"]
[null,null,null,null,null,null,null,null,null,null,null,null,null,null,null,null,null,null,null,null,null,null,null,null,null,null,null,null,null,null,null,"72-SQ","72-SQ","158-SQ"]
[null,null,null,null,null,null,null,null,null,null,null,null,null,null,null,null,null,null,null,null,null,null,null,null,null,null,null,null,null,null,null,"72-BP","72-BP","158-BP"]
[null,null,null,null,null,null,null,null,null,null,null,null,null,null,null,null,null,null,null,null,null,null,null,null,null,null,null,null,null,null,null,"72-DL","72-DL","158-DL"]
[null,null,null,null,null,null,null,null,null,null,null,null,null,null,null,null,null,null,null,null,null,null,null,null,null,null,null,null,null,null,null,"72-TL","72-TL","158-TL"]
[null,null,null,null,null,null,null,null,null,null,null,null,null,null,null,null,null,null,null,null,null,null,null,null,null,null,null,null,null,null,null,"84-SQ","84-SQ","185-SQ"]
[null,null,null,null,null,null,null,null,null,null,null,null,null,null,null,null,null,null,null,null,null,null,null,null,null,null,null,null,null,null,null,"84-BP","84-BP","185-BP"]
[null,null,null,null,null,null,null,null,null,null,null,null,null,null,null,null,null,null,null,null,null,null,null,null,null,null,null,null,null,null,null,"84-DL","84-DL","185-DL"]
[null,null,null,null,null,null,null,null,null,null,null,null,null,null,null,null,null,null,null,null,null,null,null,null,null,null,null,null,null,null,null,"84-TL","84-TL","185-TL"]
[null,null,null,null,null,null,null,null,null,null,null,null,null,null,null,null,null,null,null,null,null,null,null,null,null,null,null,null,null,null,null,"84+-SQ","84+-SQ","185+-SQ"]
[null,null,null,null,null,null,null,null,null,null,null,null,null,null,null,null,null,null,null,null,null,null,null,null,null,null,null,null,null,null,null,"84+-BP","84+-BP","185+-BP"]
[null,null,null,null,null,null,null,null,null,null,null,null,null,null,null,null,null,null,null,null,null,null,null,null,null,null,null,null,null,null,null,"84+-DL","84+-DL","185+-DL"]
[null,null,null,null,null,null,null,null,null,null,null,null,null,null,null,null,null,null,null,null,null,null,null,null,null,null,null,null,null,null,null,"84+-TL","84+-TL","185+-TL"]
[null,null,null,null,null,null,null,null,null,null,null,null,null,null,null,null,null,null,null,null,null,null,null,null,null,null,null,null,null,null,null,"30-BPO","30-BPO","66-BPO"]
[null,null,null,null,null,null,null,null,null,null,null,null,null,null,null,null,null,null,null,null,null,null,null,null,null,null,null,null,null,null,null,"35-BPO","35-BPO","77-BPO"]
[null,null,null,null,null,null,null,null,null,null,null,null,null,null,null,null,null,null,null,null,null,null,null,null,null,null,null,null,null,null,null,"40-BPO","40-BPO","88-BPO"]
[null,null,null,null,null,null,null,null,null,null,null,null,null,null,null,null,null,null,null,null,null,null,null,null,null,null,null,null,null,null,null,"43-BPO","43-BPO","94-BPO"]
[null,null,null,null,null,null,null,null,null,null,null,null,null,null,null,null,null,null,null,null,null,null,null,null,null,null,null,null,null,null,null,"47-BPO","47-BPO","103-BPO"]
[null,null,null,null,null,null,null,null,null,null,null,null,null,null,null,null,null,null,null,null,null,null,null,null,null,null,null,null,null,null,null,"52-BPO","52-BPO","114-BPO"]
[null,null,null,null,null,null,null,null,null,null,null,null,null,null,null,null,null,null,null,null,null,null,null,null,null,null,null,null,null,null,null,"57-BPO","57-BPO","125-BPO"]
[null,null,null,null,null,null,null,null,null,null,null,null,null,null,null,null,null,null,null,null,null,null,null,null,null,null,null,null,null,null,null,"63-BPO","63-BPO","138-BPO"]
[null,null,null,null,null,null,null,null,null,null,null,null,null,null,null,null,null,null,null,null,null,null,null,null,null,null,null,null,null,null,null,"72-BPO","72-BPO","158-BPO"]
[null,null,null,null,null,null,null,null,null,null,null,null,null,null,null,null,null,null,null,null,null,null,null,null,null,null,null,null,null,null,null,"84-BPO","84-BPO","185-BPO"]
[null,null,null,null,null,null,null,null,null,null,null,null,null,null,null,null,null,null,null,null,null,null,null,null,null,null,null,null,null,null,null,"84+-BPO","84+-BPO","185+-BPO"]
[null,null,null,null,null,null,null,null,null,null,null,null,null,null,null,null,null,null,null,null,null,null,null,null,null,null,null,null,null,null,null,"30-DLO","30-DLO","66-DLO"]
[null,null,null,null,null,null,null,null,null,null,null,null,null,null,null,null,null,null,null,null,null,null,null,null,null,null,null,null,null,null,null,"35-DLO","35-DLO","77-DLO"]
[null,null,null,null,null,null,null,null,null,null,null,null,null,null,null,null,null,null,null,null,null,null,null,null,null,null,null,null,null,null,null,"40-DLO","40-DLO","88-DLO"]
[null,null,null,null,null,null,null,null,null,null,null,null,null,null,null,null,null,null,null,null,null,null,null,null,null,null,null,null,null,null,null,"43-DLO","43-DLO","94-DLO"]
[null,null,null,null,null,null,null,null,null,null,null,null,null,null,null,null,null,null,null,null,null,null,null,null,null,null,null,null,null,null,null,"47-DLO","47-DLO","103-DLO"]
[null,null,null,null,null,null,null,null,null,null,null,null,null,null,null,null,null,null,null,null,null,null,null,null,null,null,null,null,null,null,null,"52-DLO","52-DLO","114-DLO"]
[null,null,null,null,null,null,null,null,null,null,null,null,null,null,null,null,null,null,null,null,null,null,null,null,null,null,null,null,null,null,null,"57-DLO","57-DLO","125-DLO"]
[null,null,null,null,null,null,null,null,null,null,null,null,null,null,null,null,null,null,null,null,null,null,null,null,null,null,null,null,null,null,null,"63-DLO","63-DLO","138-DLO"]
[null,null,null,null,null,null,null,null,null,null,null,null,null,null,null,null,null,null,null,null,null,null,null,null,null,null,null,null,null,null,null,"72-DLO","72-DLO","158-DLO"]
[null,null,null,null,null,null,null,null,null,null,null,null,null,null,null,null,null,null,null,null,null,null,null,null,null,null,null,null,null,null,null,"84-DLO","84-DLO","185-DLO"]
[null,null,null,null,null,null,null,null,null,null,null,null,null,null,null,null,null,null,null,null,null,null,null,null,null,null,null,null,null,null,null,"84+-DLO","84+-DLO","185+-DLO"]

{"sheet":"Results","index":2,"n_rows":38,"n_cols":28,"rows_kept":38,"cut":false,"hidden":false,"merged":[[0,2,0,27]]}
[null,"2016-10-22","Noonan Barbell Raw Open - Alexandria, MN"]
["Flt C","Name","Div","Bwt - kg","IPF Wt Cls","Wilks Coeff","SQ rack","SQ-1","SQ-2","SQ-3","Best SQ","BP rack","BP-1","BP-2","BP-3","Best BP","Sub Total","DL-1","DL-2","DL-3","Best DL","PL Total","Pl/Div/Cls/Event","Age *Wilks","Wilks Pts","Age-Wilks","Pl Code","State"]
["A","Jessilyn Vizenor","FR-O",56.4,57,1.1700999736785889,"10",115,-120,120,120,"10_5",72.5,-77.5,77.5,77.5,197.5,132.5,-140,-140,132.5,330,"1/FR-O//PL",386.13299000000001,386.13299131393433,386.13299131393433,3,"MN"]
["A","Virginia Pilles","FR-O",75,84,0.9506000280380249,"13",132.5,145,160,160,"13_5",62.5,72.5,-75,72.5,232.5,132.5,150,165,165,397.5,"2/FR-O//PL",377.86351000000002,377.8635111451149,377.8635111451149,3,"MN"]
["A","Yvonne Hanley","FR-O",69.3,72,1.0017999410629272,"13",70,80,-87.5,80,"12_5",42.5,47.5,-52.5,47.5,127.5,95,102.5,110,110,237.5,"3/FR-O//PL",359.50844000000001,237.92748600244522,359.50843134969472,3,"MN"]
["A","Lindsay Youngquist","FR-O",67.2,72,1.023900032043457,"14",77.5,85,97.5,97.5,"14_6",50,57.5,62.5,62.5,160,112.5,127.5,142.5,142.5,302.5,"4/FR-O//PL",312.82706000000002,309.72975969314575,312.82705729007722,3,"MN"]
["A","Laura Heilman","FR-O",59.7,63,1.1191999912261963,"13",85,95,102.5,102.5,"12_5",42.5,50,-52.5,50,152.5,102.5,110,-120,110,262.5,"5/FR-O//PL",293.79000000000002,293.78999769687653,293.78999769687653,3,"MN"]
["A","JoAnn Schreffler","FR-O",71.2,72,0.98339998722076416,"14",85,87.5,-95,87.5,"10_6",65,-67.5,-67.5,65,152.5,115,117.5,-120,117.5,270,"6/FR-O//PL",265.51799999999997,265.51799654960632,265.51799654960632,3,"MN"]
["A","Amanda Lindstrom","FR-O",53.4,57,1.2211999893188477,"11",-95,-95,-95,0,"11_6",45,47.5,-52.5,47.5,0,92.5,97.5,102.5,102.5,0,"",0,0,0,3,"MN"]
["C","Cole Warren","MR-O",102.5,105,0.60280001163482666,"15",250,262.5,272.5,272.5,"14_6",170,177.5,-185,177.5,450,287.5,295,305,305,755,"1/MR-O//PL",468.76742999999999,455.11400878429413,468.76742904782299,3,"MN"]
["C","Nick Kolasa","MR-O",89.6,93,0.63980001211166382,"14",212.5,227.5,235,235,"13_6",147.5,157.5,162.5,162.5,397.5,232.5,250,260,260,657.5,"2/MR-O//PL",420.66851000000003,420.66850796341896,420.66850796341896,3,"MN"]
["C","Dalton Pfankuch","MR-O",73,74,0.72640001773834229,"14",200,-210,-210,200,"14_6",130,135,140,140,340,220,230,232.5,232.5,572.5,"3/MR-O//PL",415.86401000000001,415.86401015520096,415.86401015520096,3,"MN"]
["B","Cole Gau","MR-O",87,93,0.64990001916885376,"15",202.5,212.5,225,225,"12_6",137.5,145,-155,145,370,215,225,235,235,605,"4/MR-O//PL",408.91708999999997,393.18951159715652,408.91709206104281,3,"MN"]
["C","Micah  Rodahl","MR-O",93,93,0.6281999945640564,"17",237.5,252.5,262.5,262.5,"13_5",122.5,130,137.5,137.5,400,212.5,225,235,235,635,"5/MR-O//PL",398.90699999999998,398.90699654817581,398.90699654817581,3,"MN"]
["B","Aaron Poelaert","MR-O",69.8,74,0.75099998712539673,"13",182.5,187.5,200,200,"13_6",110,-120,-120,110,310,-220,-220,220,220,530,"6/MR-O//PL",398.02999,398.02999317646027,398.02999317646027,3,"MN"]
["C","Taylor Bones","MR-O",84.8,93,0.65920001268386841,"16",-215,-215,215,215,"14_5",-127.5,132.5,-140,132.5,347.5,247.5,-260,-260,247.5,595,"7/MR-O//PL",392.22401000000002,392.2240075469017,392.2240075469017,3,"MN"]
["C","Jeff Simondet","MR-O",86.7,93,0.65109997987747192,"17",185,205,-225,205,"15_6",135,142.5,-150,142.5,347.5,227.5,247.5,-272.5,247.5,595,"8/MR-O//PL",387.40449000000001,387.40448802709579,387.40448802709579,3,"MN"]
["B","Clay Davis","MR-O",72.599999999999994,74,0.72930002212524414,"16",172.5,180,182.5,182.5,"14_7",125,127.5,-130,127.5,310,212.5,220,-222.5,220,530,"9/MR-O//PL",386.52901000000003,386.52901172637939,386.52901172637939,3,"MN"]
["C","Saamuel Huber","MR-O",79.599999999999994,83,0.68489998579025269,"17",175,182.5,187.5,187.5,"13_6",135,142.5,-147.5,142.5,330,-210,210,-220,210,540,"10/MR-O//PL",384.63983000000002,369.84599232673645,384.63983201980591,3,"MN"]
["C","Matt Brouse","MR-O",132,"120+",0.56410002708435059,"20",220,230,-245,230,"17_7",160,165,170,170,400,252.5,260,-265,260,660,"11/MR-O//PL",372.30601999999999,372.30601787567139,372.30601787567139,3,"MN"]
["C","Travis  Yasgar","MR-O",96.4,105,0.61799997091293335,"14",215,225,230,230,"14_6",125,132.5,-140,132.5,362.5,215,230,235,235,597.5,"12/MR-O//PL",369.25497999999999,369.25498262047768,369.25498262047768,3,"MN"]
["C","Eric Heilman","MR-O",94.7,105,0.62290000915527344,"22",185,192.5,210,210,"17_5",135,142.5,150,150,360,205,217.5,230,230,590,"13/MR-O//PL",367.51101,367.51100540161133,367.51100540161133,3,"MN"]
["C","David Koch","MR-O",98.9,105,0.61129999160766602,"15",185,195,-205,195,"15_7",115,125,130,130,325,207.5,215,227.5,227.5,552.5,"14/MR-O//PL",360.70979,337.74324536323547,360.70978604793549,3,"SD"]
["B","Andrew Olson","MR-O",93.3,105,0.62720000743865967,"17",177.5,187.5,190,190,"16_6",115,122.5,-125,122.5,312.5,222.5,235,247.5,247.5,560,"15/MR-O//PL",351.23200000000003,351.23200416564941,351.23200416564941,3,"MN"]
["B","Daniel Wood","MR-O",79.8,83,0.68379998207092285,"15",175,180,-185,180,"13_5",-97.5,97.5,107.5,107.5,287.5,190,197.5,210,210,497.5,"16/MR-O//PL",350.39620000000002,340.19049108028412,350.39620581269264,3,"MN"]
["B","Quinten Ulschmid","MR-O",99.8,105,0.60909998416900635,"16",175,185,205,205,"17_6",-130,-135,135,135,340,200,215,227.5,227.5,567.5,"17/MR-O//PL",345.66424000000001,345.6642410159111,345.6642410159111,3,"MN"]
["A","Pete Reishus","MR-O",83.2,93,0.66659998893737793,"17",87.5,97.5,105,105,"14_6",52.5,57.5,65,65,170,142.5,155,165,165,335,"18/MR-O//PL",337.42291999999998,223.31099629402161,337.42291540026662,3,"MN"]
["A","Joseph Knackstedt","MR-O",81.7,83,0.67390000820159912,"16",155,165,175,175,"12_6",87.5,92.5,97.5,97.5,272.5,200,210,-220,210,482.5,"19/MR-O//PL",334.91145,325.15675395727158,334.91145657598975,3,"MN"]
["A","Mathew Huver","MR-O",78.599999999999994,83,0.69050002098083496,"19",140,-147.5,155,155,"13_5",-87.5,-95,100,100,255,150,160,165,165,420,"20/MR-O//PL",327.71131000000003,290.01000881195068,327.71130995750423,3,"MN"]
["B","Mason Truax","MR-O",67.7,74,0.76920002698898315,"19",112.5,115,-155,115,"16_6",-92.5,92.5,-95,92.5,207.5,187.5,200,-210,200,407.5,"21/MR-O//PL",322.85248000000001,313.44901099801064,322.85248132795095,3,"MN"]
["B","Brian Domingo","MR-O",73.8,74,0.72070002555847168,"13",140,147.5,152.5,152.5,"13_5",100,105,107.5,107.5,260,165,-182.5,185,185,445,"22/MR-O//PL",320.71150999999998,320.7115113735199,320.7115113735199,3,"MN"]
["B","Hunter Onchuck","MR-O",87,93,0.64990001916885376,"15",155,165,175,175,"15_5",100,107.5,-115,107.5,282.5,-185,205,-230,205,487.5,"23/MR-O//PL",319.99452000000002,316.82625934481621,319.99452193826437,3,"ND"]
["B","Brandon Lauer","MR-O",103.4,105,0.60089999437332153,"16",160,175,185,185,"15_6",120,130,-137.5,130,315,190,200,210,210,525,"24/MR-O//PL",315.47250000000003,315.4724970459938,315.4724970459938,3,"MN"]
["B","Scott Morrissey","MR-O",101.5,105,0.60500001907348633,"19",142.5,165,-175,165,"15_6",102.5,120,-130,120,285,142.5,-155,0,142.5,427.5,"25/MR-O//PL",311.39956000000001,258.63750815391541,311.39955981731413,3,"MN"]
["B","Chad Torstveit","MR-O",110,120,0.58850002288818359,"12",-117.5,117.5,-122.5,117.5,"14_6",-137.5,140,150,150,267.5,170,185,200,200,467.5,"26/MR-O//PL",275.12376,275.12376070022583,275.12376070022583,3,"MN"]
["A","Andy Gunsaullus","MR-O",82.4,83,0.67040002346038818,"20",95,105,-107.5,105,"17_6",82.5,-90,-90,82.5,187.5,147.5,-160,-165,147.5,335,"27/MR-O//PL",229.07569000000001,224.58400785923004,229.07568801641466,3,"MN"]
["C","Adam Gertken","MR-O",102.1,105,0.60369998216629028,"17",-227.5,-227.5,227.5,227.5,"14_5",135,-140,-140,135,362.5,0,null,null,0,0,"",0,0,0,3,"MN"]
["A","Jonathan Torstveit","MR-O",60.9,66,0.84149998426437378,"12",0,null,null,0,"13_5",0,null,null,0,0,0,null,null,0,0,"",0,0,0,3,"MN"]

{"sheet":"KG Records","index":3,"n_rows":151,"n_cols":29,"rows_kept":151,"cut":false,"hidden":true,"merged":[]}
[null,"T1","T2","T3","JR","O","M1a","M1b","M2a","M2b","M3a","M3b","M4a","M4b","R-T1","R-T2","R-T3","R-Y1","R-Y2","R-Y3","R-JR","R-O","R-M1A","R-M1B","R-M2A","R-M2B","R-M3A","R-M3B","R-M4A"]
["30-SQ",0,0,0,0,0,0,0,0,0,0,0,0,0,0,0,0,0,0,0,0,0,0,0,0,0,0,0,0]
["30-BP",0,0,0,0,0,0,0,0,0,0,0,0,0,0,0,0,0,0,0,0,0,0,0,0,0,0,0,0]
["30-DL",0,0,0,0,0,0,0,0,0,0,0,0,0,0,0,0,0,0,0,0,0,0,0,0,0,0,0,0]
["30-TL",0,0,0,0,0,0,0,0,0,0,0,0,0,0,0,0,0,0,0,0,0,0,0,0,0,0,0,0]
["35-SQ",0,0,0,0,0,0,0,0,0,0,0,0,0,0,0,0,0,0,0,0,0,0,0,0,0,0,0,0]
["35-BP",0,0,0,0,0,0,0,0,0,0,0,0,0,0,0,0,0,0,0,0,0,0,0,0,0,0,0,0]
["35-DL",0,0,0,0,0,0,0,0,0,0,0,0,0,0,0,0,0,0,0,0,0,0,0,0,0,0,0,0]
["35-TL",0,0,0,0,0,0,0,0,0,0,0,0,0,0,0,0,0,0,0,0,0,0,0,0,0,0,0,0]
["40-SQ",0,0,0,0,0,0,0,0,0,0,0,0,0,0,0,0,0,0,0,0,0,0,0,0,0,0,0,0]
["40-BP",0,0,0,0,0,0,0,0,0,0,0,0,0,0,0,0,0,0,0,0,0,0,0,0,0,0,0,0]
["40-DL",0,0,0,0,0,0,0,0,0,0,0,0,0,0,0,0,0,0,0,0,0,0,0,0,0,0,0,0]
["40-TL",0,0,0,0,0,0,0,0,0,0,0,0,0,0,0,0,0,0,0,0,0,0,0,0,0,0,0,0]
["44-SQ",0,0,0,0,0,0,0,0,0,0,0,0,0,0,0,0,0,0,0,0,0,0,0,0,0,0,0,0]
["44-BP",0,0,0,0,0,0,0,0,0,0,0,0,0,0,0,0,0,0,0,0,0,0,0,0,0,0,0,0]
["44-DL",0,0,0,0,0,0,0,0,0,0,0,0,0,0,0,0,0,0,0,0,0,0,0,0,0,0,0,0]
["44-TL",0,0,0,0,0,0,0,0,0,0,0,0,0,0,0,0,0,0,0,0,0,0,0,0,0,0,0,0]
["48-SQ",0,0,0,0,0,0,0,0,0,0,0,0,0,0,0,0,0,0,0,0,0,0,0,0,0,0,0,0]
["48-BP",0,0,0,0,0,0,0,0,0,0,0,0,0,0,0,0,0,0,0,0,0,0,0,0,0,0,0,0]
["48-DL",0,0,0,0,0,0,0,0,0,0,0,0,0,0,0,0,0,0,0,0,0,0,0,0,0,0,0,0]
["48-TL",0,0,0,0,0,0,0,0,0,0,0,0,0,0,0,0,0,0,0,0,0,0,0,0,0,0,0,0]
["53-SQ",0,0,0,0,0,0,0,0,0,0,0,0,0,87.5,0,0,0,0,0,0,0,0,0,0,0,0,0,0]
["53-BP",0,0,0,0,0,0,0,0,0,0,0,0,0,42.5,0,0,0,0,0,0,0,0,0,0,0,0,0,0]
["53-DL",0,0,0,0,0,0,0,0,0,0,0,0,0,115,0,0,0,0,0,0,0,0,0,0,0,0,0,0]
["53-TL",0,0,0,0,0,0,0,0,0,0,0,0,0,245,0,0,0,0,0,0,0,0,0,0,0,0,0,0]
["59-SQ",158.80000000000001,152,140.6,0,205,81.7,0,0,0,0,0,0,0,0,120,112.5,0,0,0,0,140,0,0,0,0,0,0,0]
["59-BP",102.1,106.6,111.1,0,145.19999999999999,65.8,0,0,0,0,0,0,0,0,97.5,92.5,0,0,0,0,97.5,0,0,0,0,0,0,0]
["59-DL",154.19999999999999,163.30000000000001,170.1,0,208.7,120.2,0,0,0,0,0,0,0,0,147.5,155,0,0,0,0,192.5,0,0,0,0,0,0,0]
["59-TL",403.7,426.4,408.2,0,528.4,267.60000000000002,0,0,0,0,0,0,0,0,365,360,0,0,0,0,422.5,0,0,0,0,0,0,0]
["66-SQ",140.6,200,167.8,200,270,149.69999999999999,0,0,0,0,0,0,0,0,0,0,0,0,0,212.5,212.5,0,0,0,0,0,0,0]
["66-BP",95.3,127,117.5,127,182.5,120.2,0,0,0,0,0,0,0,0,0,0,0,0,0,137.5,137.5,0,0,0,0,0,0,0]
["66-DL",156.5,200,174.6,200,255,172.4,0,0,0,0,0,0,0,0,0,0,0,0,0,260,260,0,0,0,0,0,0,0]
["66-TL",353.8,508,446.8,508,707.5,424.1,0,0,0,0,0,0,0,0,0,0,0,0,0,610,610,0,0,0,0,0,0,0]
["74-SQ",154.19999999999999,204.1,210.9,210.9,269.89999999999998,210.9,0,190.5,0,0,0,0,0,105,155,155,0,0,142.5,215,237.5,190,177.5,190,0,0,0,0]
["74-BP",99.8,138.4,138.4,140,175,145.19999999999999,0,107.5,0,0,0,0,0,80,105,105,0,0,60,157.5,185,140,132.5,135,0,0,0,0]
["74-DL",176.9,226.8,249.5,249.5,260,220,0,220,0,0,0,0,0,170,185,185,0,0,135,280,272.5,230.5,205,230.5,0,0,0,0]
["74-TL",428.7,546.6,571.5,571.5,652.5,567,0,517.1,0,0,0,0,0,355,442.5,442.5,0,0,337.5,637.5,695,551,515,551,0,0,0,0]
["83-SQ",188.2,226.8,244.9,244.9,299.39999999999998,287.5,0,215.5,0,152.5,129.30000000000001,0,0,160,197.5,197.5,0,0,0,220,250,237.5,210,185,167.5,167.5,162.5,0]
["83-BP",122.5,183.7,175,183.7,195.1,185,0,136.1,0,127.5,127,0,0,95,152.5,150,0,0,0,157.5,185,162.5,160,147.5,105,117.5,100,0]
["83-DL",213.2,256.3,260,265,290.3,263.10000000000002,0,247.2,0,202.5,170.1,0,0,205,207.5,230,0,0,0,252.5,290,250,232.5,232.5,232.5,232.5,232.5,0]
["83-TL",508,619.20000000000005,655,655,740,715,0,582.9,0,442.5,426.4,0,0,460,552.5,530,0,0,0,612.5,700,612.5,562.5,532.5,495,495,495,0]
["93-SQ",192.5,240.4,274.39999999999998,308.5,308.5,272.5,227.5,220,220,220,0,0,0,167.5,205,205,0,0,0,260,255,205,240,240,185,177.5,177.5,60]
["93-BP",120.2,147.4,197.3,205,217.5,183.7,183.7,183.7,183.7,180,0,0,0,110,130,155,0,0,0,175,175,170,147.5,147.5,122.5,115.7,115.7,65]
["93-DL",250,276.7,262.5,319.8,319.8,263.10000000000002,242.5,242.5,242.5,242.5,0,0,0,182.5,220,237.5,0,0,0,287.5,282.5,263.10000000000002,263.10000000000002,263.10000000000002,263.10000000000002,263.10000000000002,263.10000000000002,122.5]
["93-TL",552.5,655.5,707.5,771.1,787.5,682.5,647.5,642.5,642.5,642.5,0,0,0,460,555,555,0,0,0,710,702.5,600,637.5,637.5,540,535.20000000000005,535.20000000000005,247.5]
["105-SQ",170.1,272.2,285.8,287.5,357.5,290.3,262.5,242.5,242.5,227.5,0,0,0,105,212.5,240,0,0,0,262.5,312.5,247.5,247.5,192.5,186,140,140,0]
["105-BP",120.2,186,210.9,210.9,235,195,187.5,187.5,187.5,185,0,0,0,77.5,137.5,182.5,0,0,0,182.5,192.5,154.19999999999999,175.5,145.19999999999999,145.19999999999999,107.5,107.5,0]
["105-DL",174.6,285,306.2,347.5,347.5,303.89999999999998,297.5,260,255,250,0,0,0,125,245,267.5,0,0,0,300,325,265,265,242.7,242.7,190,190,0]
["105-TL",451.3,709.9,759.8,810,910,767.5,735,680,680,662.5,0,0,0,307.5,595,652.5,0,0,0,740,817.5,637.5,630,562.5,562.5,437.5,437.5,0]
["120-SQ",249.5,274.39999999999998,308.5,360,372.5,297.10000000000002,297.10000000000002,281.2,0,187.5,0,0,0,0,205,267.5,0,0,0,280,310,272.5,272.5,220,225,182.5,175,0]
["120-BP",117.9,182.5,237.5,237.5,272.5,197.3,197.3,192.5,0,156.5,0,0,0,0,152.5,175,0,0,0,177.5,192.5,175,175,157.5,157.5,157.5,115,0]
["120-DL",235.9,285.8,285,315.3,362.9,294.8,288,283.5,0,215,0,0,0,0,227.5,277.5,0,0,0,305,327.5,277.5,272.2,272.2,255,210,210,0]
["120-TL",589.70000000000005,698.5,807.4,807.4,942.5,775.7,775.7,755.2,0,557.9,0,0,0,0,585,715,0,0,0,755,822.5,682.5,647.5,628.20000000000005,635,532.5,500,0]
["120+-SQ",0,281.2,342.5,365,395,392.5,392.5,242.5,0,217.5,0,0,0,0,190,275,0,0,0,317.5,351.5,325,325,242.5,217.5,217.5,0,0]
["120+-BP",0,176.9,205,240,287.5,277.5,265,197.5,0,155,0,0,0,0,147.5,172.5,0,0,0,197.5,237.5,237.5,237.5,155,155,155,0,0]
["120+-DL",0,260.8,315.3,342.5,400,395,395,260,0,227.5,0,0,0,0,240,282.5,0,0,0,342.5,382.5,382.5,382.5,257.5,240,240,0,0]
["120+-TL",0,696.3,898.1,930,1062.5,1057.5,1052.5,682.5,0,600,0,0,0,0,547.5,727.5,0,0,0,850,937.5,937.5,937.5,637.5,607.5,607.5,0,0]
["30-BPO",0,0,0,0,0,0,0,0,0,0,0,0,0,0,0,0,0,0,0,0,0,0,0,0,0,0,0,0]
["35-BPO",0,0,0,0,0,0,0,0,0,0,0,0,0,0,0,0,0,0,0,0,0,0,0,0,0,0,0,0]
["40-BPO",0,0,0,0,0,0,0,0,0,0,0,0,0,0,0,0,0,0,0,0,0,0,0,0,0,0,0,0]
["44-BPO",0,0,0,0,0,0,0,0,0,0,0,0,0,0,0,0,0,0,0,0,0,0,0,0,0,0,0,0]
["48-BPO",0,0,0,0,0,0,0,0,0,0,0,0,0,0,0,0,0,0,0,0,0,0,0,0,0,0,0,0]
["53-BPO",0,0,0,0,0,0,0,0,0,0,0,0,0,42.5,0,0,0,0,0,0,0,0,0,0,0,0,0,0]
["59-BPO",102.1,106.6,111.1,0,145.19999999999999,65.8,0,0,0,0,0,0,0,0,97.5,92.5,0,0,0,0,97.5,0,0,0,0,0,0,0]
["66-BPO",95.3,127,117.5,127,182.5,120.2,0,0,0,0,0,0,0,55,55,55,0,0,0,137.5,137.5,0,0,0,0,0,0,0]
["74-BPO",99.8,138.4,138.4,140,175,145.19999999999999,0,107.5,0,0,0,0,0,82.5,105,117.5,0,0,60,157.5,185,140,132.5,135,0,0,0,0]
["83-BPO",122.5,183.7,175,183.7,245,188.2,0,161,135,135,127,0,0,95,152.5,137.5,0,0,0,157.5,185,162.5,160,150,117.5,117.5,112.5,105]
["93-BPO",120.2,172.5,197.3,205,217.5,200,200,195,183.7,180,0,0,0,110,172.5,172.5,0,0,0,175,177.5,177.5,177.5,175,122.5,115.7,115.7,65]
["105-BPO",122.5,192.5,210.9,210.9,235,228.5,228.5,217.5,187.5,185,0,0,0,77.5,137.5,182.5,0,0,0,182.5,192.5,180,180,180,152.5,125,125,122.5]
["120-BPO",117.9,182.5,237.5,237.5,272.5,197.3,197.3,192.5,156.5,156.5,0,0,0,0,152.5,175,0,0,0,177.5,192.5,182.5,182.5,160,157.5,157.5,115,127.5]
["120+-BPO",0,176.9,205,240,287.5,277.5,265,197.5,185,155,0,142.9,131.5,0,147.5,172.5,0,0,0,212.5,237.5,237.5,237.5,155,155,155,0,0]
["30-DLO",0,0,0,0,0,0,0,0,0,0,0,0,0,0,0,0,0,0,0,0,0,0,0,0,0,0,0,0]
["35-DLO",0,0,0,0,0,0,0,0,0,0,0,0,0,0,0,0,0,0,0,0,0,0,0,0,0,0,0,0]
["40-DLO",0,0,0,0,0,0,0,0,0,0,0,0,0,0,0,0,0,0,0,0,0,0,0,0,0,0,0,0]
["44-DLO",0,0,0,0,0,0,0,0,0,0,0,0,0,0,0,0,0,0,0,0,0,0,0,0,0,0,0,0]
["48-DLO",0,0,0,0,0,0,0,0,0,0,0,0,0,0,0,0,0,0,0,0,0,0,0,0,0,0,0,0]
["53-DLO",0,0,0,0,0,0,0,0,0,0,0,0,0,0,0,0,0,0,0,0,0,0,0,0,0,0,0,0]
["59-DLO",0,0,0,0,0,0,0,0,0,0,0,0,0,0,0,0,0,0,0,0,0,0,0,0,0,0,0,0]
["66-DLO",0,0,0,0,0,0,0,0,0,0,0,0,0,0,0,0,0,0,0,0,0,0,0,0,0,0,0,0]
["74-DLO",0,0,0,0,0,0,0,0,0,0,0,0,0,0,0,0,0,0,0,0,0,0,0,0,0,0,0,0]
["83-DLO",0,0,0,0,0,0,0,0,0,0,0,0,0,0,0,0,0,0,0,0,0,0,0,0,0,0,0,0]
["93-DLO",0,0,0,0,0,0,0,0,0,0,0,0,0,0,0,0,0,0,0,0,0,0,0,0,0,0,0,0]
["105-DLO",0,0,0,0,0,0,0,0,0,0,0,0,0,0,0,0,0,0,0,0,0,0,0,0,0,0,0,0]
["120-DLO",0,0,0,0,0,0,0,0,0,0,0,0,0,0,0,0,0,0,0,0,0,0,0,0,0,0,0,0]
["120+-DLO",0,0,0,0,0,0,0,0,0,0,0,0,0,0,0,0,0,0,0,0,0,0,0,0,0,0,0,0]
["30-SQ",0,0,0,0,0,0,0,0,0,0,0,0,0,0,0,0,30,30,30,0,0,0,0,0,0,0,0,0]
["30-BP",0,0,0,0,0,0,0,0,0,0,0,0,0,0,0,0,15,15,15,0,0,0,0,0,0,0,0,0]
["30-DL",0,0,0,0,0,0,0,0,0,0,0,0,0,0,0,0,52.5,52.5,52.5,0,0,0,0,0,0,0,0,0]
["30-TL",0,0,0,0,0,0,0,0,0,0,0,0,0,0,0,0,97.5,97.5,97.5,0,0,0,0,0,0,0,0,0]
["35-SQ",0,0,0,0,0,0,0,0,0,0,0,0,0,0,0,0,0,0,0,0,0,0,0,0,0,0,0,0]
["35-BP",0,0,0,0,0,0,0,0,0,0,0,0,0,0,0,0,0,0,0,0,0,0,0,0,0,0,0,0]
["35-DL",0,0,0,0,0,0,0,0,0,0,0,0,0,0,0,0,0,0,0,0,0,0,0,0,0,0,0,0]
["35-TL",0,0,0,0,0,0,0,0,0,0,0,0,0,0,0,0,0,0,0,0,0,0,0,0,0,0,0,0]
["40-SQ",0,0,0,0,0,0,0,0,0,0,0,0,0,0,0,0,0,0,0,0,0,0,0,0,0,0,0,0]
["40-BP",0,0,0,0,0,0,0,0,0,0,0,0,0,0,0,0,0,0,0,0,0,0,0,0,0,0,0,0]
["40-DL",0,0,0,0,0,0,0,0,0,0,0,0,0,0,0,0,0,0,0,0,0,0,0,0,0,0,0,0]
["40-TL",0,0,0,0,0,0,0,0,0,0,0,0,0,0,0,0,0,0,0,0,0,0,0,0,0,0,0,0]
["43-SQ",0,0,0,0,0,0,0,0,0,0,0,0,0,30,30,30,0,0,0,30,0,0,0,0,0,0,0,0]
["43-BP",0,0,0,0,0,0,0,0,0,0,0,0,0,15,15,15,0,0,0,15,0,0,0,0,0,0,0,0]
["43-DL",0,0,0,0,0,0,0,0,0,0,0,0,0,52.5,52.5,52.5,0,0,0,52.5,0,0,0,0,0,0,0,0]
["43-TL",0,0,0,0,0,0,0,0,0,0,0,0,0,97.5,97.5,97.5,0,0,0,97.5,0,0,0,0,0,0,0,0]
["47-SQ",0,0,0,25,127.5,0,0,0,0,0,0,0,0,30,30,30,0,0,0,77.5,87.5,92.5,0,0,0,0,0,0]
["47-BP",0,0,0,43.1,80,0,0,0,0,0,0,0,0,15,15,15,0,0,0,47.5,67.5,62.5,0,0,0,0,0,0]
["47-DL",0,0,0,47.6,150,0,0,0,0,0,0,0,0,52.5,52.5,52.5,0,0,0,85,150,137.5,0,0,0,0,0,0]
["47-TL",0,0,0,115.7,355,0,0,0,0,0,0,0,0,97.5,97.5,97.5,0,0,0,210,305,292.5,0,0,0,0,0,0]
["52-SQ",102.1,81.7,93,102.1,147.5,107.5,107.5,0,0,0,0,0,0,57.5,0,0,0,0,0,112.5,112.5,100,0,0,0,0,0,0]
["52-BP",52.2,54.4,68,68,107.5,55,55,0,0,0,0,0,0,42.5,0,0,0,0,0,67.5,72.5,72.5,0,0,0,0,0,0]
["52-DL",102.1,90.7,138.4,138.4,182.5,120,120,0,0,0,0,0,0,70,0,0,0,0,0,145,152.5,152.5,0,0,0,0,0,0]
["52-TL",256.3,217.7,299.39999999999998,299.39999999999998,400,277.5,277.5,0,0,0,0,0,0,170,0,0,0,0,0,325,325,325,0,0,0,0,0,0]
["57-SQ",120.2,97.5,113.4,132.5,136.1,0,110,0,0,0,0,0,0,75,97.5,97.5,0,0,75,132.5,132.5,92.5,90,0,0,0,0,0]
["57-BP",56.7,63.5,52.2,74.8,102.5,0,75,0,0,0,0,0,0,45,57.5,57.5,0,0,45,67.5,75,57.5,55,0,0,0,0,0]
["57-DL",127,120.2,115.7,127,160,0,125,0,0,0,0,0,0,92.5,110,110,0,0,92.5,145,150,122.5,110,0,0,0,0,0]
["57-TL",303.89999999999998,272.2,263.10000000000002,303.89999999999998,353.8,0,310,0,0,0,0,0,0,212.5,265,265,0,0,212.5,345,345,272.5,255,0,0,0,0,0]
["63-SQ",97.5,127,120.2,0,161,137.5,137.5,95,0,86.2,0,0,0,65,0,95,0,0,0,111.1,140,115,115,95,95,0,0,0]
["63-BP",59,59,47.6,0,107.5,107.5,95,68.5,0,29.5,0,0,0,42.5,0,57.5,0,0,0,62.5,82.5,68.5,68.5,68.5,65,0,0,0]
["63-DL",104.3,149.69999999999999,136.1,0,167.8,155,155,127.5,0,104.3,0,0,0,85,0,102.5,0,0,0,127.5,177.5,160,160,137.5,137.5,0,0,0]
["63-TL",247.2,335.7,301.60000000000002,0,390.1,387.5,387.5,285,0,220,0,0,0,192.5,0,255,0,0,0,290.3,400,335,335,295,295,0,0,0]
["72-SQ",108.9,137.5,207.5,207.5,207.5,131.5,75,82.5,0,0,0,0,0,0,85,162.5,0,0,0,162.5,162.5,100,110,97.5,0,0,0,0]
["72-BP",52.2,67.5,100,100,102.1,93,70,67.5,0,0,0,0,0,0,50,70,0,0,0,70,90,67.5,67.5,67.5,0,0,0,0]
["72-DL",111.1,175,192.5,192.5,192.5,145.19999999999999,130,95,0,0,0,0,0,0,115,182.5,0,0,0,182.5,182.5,137.5,155,132.5,0,0,0,0]
["72-TL",272.2,380,500,500,500,283.5,275,245,0,0,0,0,0,0,250,410,0,0,0,410,410,295,325,292.5,0,0,0,0]
["84-SQ",136.1,175,130,175,179.2,122.5,90.7,90.7,0,0,0,0,0,72.5,72.5,170,0,0,72.5,170,170,115,115,0,0,0,80,0]
["84-BP",77.099999999999994,81.7,65.8,81.7,111.1,56.7,49.9,49.9,0,0,0,0,0,37.5,37.5,75,0,0,37.5,75,90,77.5,70,0,0,0,40,0]
["84-DL",127,185,136.1,185,204.1,142.9,142.9,142.9,0,0,0,0,0,85,85,180,0,0,85,180,182.5,145,127.5,0,0,0,105,0]
["84-TL",340.2,440,322.5,440,459,303.89999999999998,267.60000000000002,267.60000000000002,0,0,0,0,0,195,195,425,0,0,195,425,425,292.5,290,0,0,0,225,0]
["84+-SQ",0,83.9,187.5,187.5,192.8,138.4,0,129.30000000000001,129.30000000000001,0,0,0,0,160,0,0,0,0,0,160,205,140,115,0,0,97.5,0,0]
["84+-BP",0,43.1,87.5,87.5,102.5,108.9,0,108.9,108.9,0,0,0,0,80,0,0,0,0,0,80,105,72.5,67.5,0,0,67.5,0,0]
["84+-DL",0,93,197.5,197.5,197.5,190,0,152,152,0,0,0,0,172.5,0,0,0,0,0,172.5,212.5,152.5,142.5,0,0,142.5,0,0]
["84+-TL",0,220,470,470,475,412.5,0,390.1,390.1,0,0,0,0,412.5,0,0,0,0,0,412.5,512.5,362.5,320,0,0,290,0,0]
["30-BPO",0,0,0,0,0,0,0,0,0,0,0,0,0,0,0,0,15,15,15,0,0,0,0,0,0,0,0,0]
["35-BPO",0,0,0,0,0,0,0,0,0,0,0,0,0,0,0,0,0,0,0,0,0,0,0,0,0,0,0,0]
["40-BPO",0,0,0,0,0,0,0,0,0,0,0,0,0,0,0,0,0,0,0,0,0,0,0,0,0,0,0,0]
["43-BPO",0,0,0,0,0,0,0,0,0,0,0,0,0,15,15,15,0,0,0,15,0,0,0,0,0,0,0,0]
["47-BPO",0,0,0,43.1,80,0,0,0,0,0,0,0,0,15,15,15,0,0,0,47.5,67.5,62.5,0,0,0,0,0,0]
["52-BPO",52.2,54.4,68,68,107.5,55,55,0,0,0,0,0,0,42.5,0,0,0,0,0,67.5,72.5,72.5,0,0,0,0,0,0]
["57-BPO",56.7,63.5,52.2,74.8,102.5,75,75,0,0,0,0,0,0,45,57.5,57.5,0,0,45,67.5,77.5,60,60,60,0,0,0,0]
["63-BPO",59,59,47.6,75,107.5,107.5,95,68.5,0,31.8,0,0,0,42.5,0,57.5,0,0,0,75,82.5,70,70,70,65,0,0,0]
["72-BPO",52.2,75,100,100,105,102.5,70,67.5,62.5,0,0,0,0,0,50,70,0,0,0,70,90,67.5,67.5,67.5,0,0,0,0]
["84-BPO",77.099999999999994,81.7,65.8,81.7,120,56.7,49.9,49.9,0,0,0,0,0,37.5,37.5,75,0,0,37.5,90,90,87.5,87.5,0,0,0,40,0]
["84+-BPO",0,43.1,87.5,97.5,132.5,132.5,0,132.5,132.5,132.5,0,0,0,80,0,0,0,0,0,80,105,85,85,0,0,85,0,0]
["30-DLO",0,0,0,0,0,0,0,0,0,0,0,0,0,0,0,0,0,0,0,0,0,0,0,0,0,0,0,0]
["35-DLO",0,0,0,0,0,0,0,0,0,0,0,0,0,0,0,0,0,0,0,0,0,0,0,0,0,0,0,0]
["40-DLO",0,0,0,0,0,0,0,0,0,0,0,0,0,0,0,0,0,0,0,0,0,0,0,0,0,0,0,0]
["43-DLO",0,0,0,0,0,0,0,0,0,0,0,0,0,0,0,0,0,0,0,0,0,0,0,0,0,0,0,0]
["47-DLO",0,0,0,0,0,0,0,0,0,0,0,0,0,0,0,0,0,0,0,0,0,0,0,0,0,0,0,0]
["52-DLO",0,0,0,0,0,0,0,0,0,0,0,0,0,0,0,0,0,0,0,0,0,0,0,0,0,0,0,0]
["57-DLO",0,0,0,0,0,0,0,0,0,0,0,0,0,0,0,0,0,0,0,0,0,0,0,0,0,0,0,0]
["63-DLO",0,0,0,0,0,0,0,0,0,0,0,0,0,0,0,0,0,0,0,0,0,0,0,0,0,0,0,0]
["72-DLO",0,0,0,0,0,0,0,0,0,0,0,0,0,0,0,0,0,0,0,0,0,0,0,0,0,0,0,0]
["84-DLO",0,0,0,0,0,0,0,0,0,0,0,0,0,0,0,0,0,0,0,0,0,0,0,0,0,0,0,0]
["84+-DLO",0,0,0,0,0,0,0,0,0,0,0,0,0,0,0,0,0,0,0,0,0,0,0,0,0,0,0,0]

{"sheet":"LB Records","index":4,"n_rows":151,"n_cols":29,"rows_kept":151,"cut":false,"hidden":true,"merged":[]}
[null,"T1","T2","T3","JR","O","M1a","M1b","M2a","M2b","M3a","M3b","M4a","M4b","R-T1","R-T2","R-T3","R-Y1","R-Y2","R-Y3","R-JR","R-O","R-M1A","R-M1B","R-M2A","R-M2B","R-M3A","R-M3B","R-M4A"]
["66-SQ",0,0,0,0,0,0,0,0,0,0,0,0,0,0,0,0,0,0,0,0,0,0,0,0,0,0,0,0]
["66-BP",0,0,0,0,0,0,0,0,0,0,0,0,0,0,0,0,0,0,0,0,0,0,0,0,0,0,0,0]
["66-DL",0,0,0,0,0,0,0,0,0,0,0,0,0,0,0,0,0,0,0,0,0,0,0,0,0,0,0,0]
["66-TL",0,0,0,0,0,0,0,0,0,0,0,0,0,0,0,0,0,0,0,0,0,0,0,0,0,0,0,0]
["77-SQ",0,0,0,0,0,0,0,0,0,0,0,0,0,0,0,0,0,0,0,0,0,0,0,0,0,0,0,0]
["77-BP",0,0,0,0,0,0,0,0,0,0,0,0,0,0,0,0,0,0,0,0,0,0,0,0,0,0,0,0]
["77-DL",0,0,0,0,0,0,0,0,0,0,0,0,0,0,0,0,0,0,0,0,0,0,0,0,0,0,0,0]
["77-TL",0,0,0,0,0,0,0,0,0,0,0,0,0,0,0,0,0,0,0,0,0,0,0,0,0,0,0,0]
["88-SQ",0,0,0,0,0,0,0,0,0,0,0,0,0,0,0,0,0,0,0,0,0,0,0,0,0,0,0,0]
["88-BP",0,0,0,0,0,0,0,0,0,0,0,0,0,0,0,0,0,0,0,0,0,0,0,0,0,0,0,0]
["88-DL",0,0,0,0,0,0,0,0,0,0,0,0,0,0,0,0,0,0,0,0,0,0,0,0,0,0,0,0]
["88-TL",0,0,0,0,0,0,0,0,0,0,0,0,0,0,0,0,0,0,0,0,0,0,0,0,0,0,0,0]
["97-SQ",0,0,0,0,0,0,0,0,0,0,0,0,0,0,0,0,0,0,0,0,0,0,0,0,0,0,0,0]
["97-BP",0,0,0,0,0,0,0,0,0,0,0,0,0,0,0,0,0,0,0,0,0,0,0,0,0,0,0,0]
["97-DL",0,0,0,0,0,0,0,0,0,0,0,0,0,0,0,0,0,0,0,0,0,0,0,0,0,0,0,0]
["97-TL",0,0,0,0,0,0,0,0,0,0,0,0,0,0,0,0,0,0,0,0,0,0,0,0,0,0,0,0]
["105-SQ",0,0,0,0,0,0,0,0,0,0,0,0,0,0,0,0,0,0,0,0,0,0,0,0,0,0,0,0]
["105-BP",0,0,0,0,0,0,0,0,0,0,0,0,0,0,0,0,0,0,0,0,0,0,0,0,0,0,0,0]
["105-DL",0,0,0,0,0,0,0,0,0,0,0,0,0,0,0,0,0,0,0,0,0,0,0,0,0,0,0,0]
["105-TL",0,0,0,0,0,0,0,0,0,0,0,0,0,0,0,0,0,0,0,0,0,0,0,0,0,0,0,0]
["116-SQ",0,0,0,0,0,0,0,0,0,0,0,0,0,192.9,0,0,0,0,0,0,0,0,0,0,0,0,0,0]
["116-BP",0,0,0,0,0,0,0,0,0,0,0,0,0,93.7,0,0,0,0,0,0,0,0,0,0,0,0,0,0]
["116-DL",0,0,0,0,0,0,0,0,0,0,0,0,0,253.5,0,0,0,0,0,0,0,0,0,0,0,0,0,0]
["116-TL",0,0,0,0,0,0,0,0,0,0,0,0,0,540.1,0,0,0,0,0,0,0,0,0,0,0,0,0,0]
["130-SQ",350,335,310,0,451.9,180,0,0,0,0,0,0,0,0,264.60000000000002,248,0,0,0,0,308.60000000000002,0,0,0,0,0,0,0]
["130-BP",225,235,245,0,320,145,0,0,0,0,0,0,0,0,215,203.9,0,0,0,0,215,0,0,0,0,0,0,0]
["130-DL",340,360,375,0,460,265,0,0,0,0,0,0,0,0,325.2,341.7,0,0,0,0,424.4,0,0,0,0,0,0,0]
["130-TL",890,940,900,0,1165,590,0,0,0,0,0,0,0,0,804.7,793.7,0,0,0,0,931.5,0,0,0,0,0,0,0]
["145-SQ",310,440.9,370,440.9,595.20000000000005,330,0,0,0,0,0,0,0,0,0,0,0,0,0,468.5,468.5,0,0,0,0,0,0,0]
["145-BP",210,280,259,280,402.3,265,0,0,0,0,0,0,0,0,0,0,0,0,0,303.10000000000002,303.10000000000002,0,0,0,0,0,0,0]
["145-DL",345,440.9,385,440.9,562.20000000000005,380,0,0,0,0,0,0,0,0,0,0,0,0,0,573.20000000000005,573.20000000000005,0,0,0,0,0,0,0]
["145-TL",780,1120,985,1120,1559.8,935,0,0,0,0,0,0,0,0,0,0,0,0,0,1344.8,1344.8,0,0,0,0,0,0,0]
["163-SQ",340,450,465,465,595,465,0,420,0,0,0,0,0,231.5,341.7,341.7,0,0,314.2,474,523.6,418.9,391.3,418.9,0,0,0,0]
["163-BP",220,305,305,308.60000000000002,385.8,320,0,237,0,0,0,0,0,176.4,231.5,231.5,0,0,132.30000000000001,347.2,407.9,308.60000000000002,292.10000000000002,297.60000000000002,0,0,0,0]
["163-DL",390,500,550,550,573.20000000000005,485,0,485,0,0,0,0,0,374.8,407.9,407.9,0,0,297.60000000000002,617.29999999999995,600.79999999999995,508.2,451.9,508.2,0,0,0,0]
["163-TL",945,1205,1260,1260,1438.5,1250,0,1140,0,0,0,0,0,782.6,975.5,975.5,0,0,744.1,1405.4,1532.2,1214.7,1135.4000000000001,1214.7,0,0,0,0]
["183-SQ",415,500,540,540,660,633.79999999999995,0,475,0,336.2,285,0,0,352.7,435.4,435.4,0,0,0,485,551.20000000000005,523.6,463,407.9,369.3,369.3,358.3,0]
["183-BP",270,405,385.8,405,430,407.9,0,300,0,281.10000000000002,280,0,0,209.4,336.2,330.7,0,0,0,347.2,407.9,358.3,352.7,325.2,231.5,259,220.5,0]
["183-DL",470,565,573.20000000000005,584.20000000000005,640,580,0,545,0,446.4,375,0,0,451.9,457.5,507.1,0,0,0,556.70000000000005,639.29999999999995,551.20000000000005,512.6,512.6,512.6,512.6,512.6,0]
["183-TL",1120,1365,1444,1444,1631.4,1576.3,0,1285,0,975.5,940,0,0,1014.1,1218.0999999999999,1168.4000000000001,0,0,0,1350.3,1543.2,1350.3,1240.0999999999999,1174,1091.3,1091.3,1091.3,0]
["205-SQ",424.4,530,605,680,680,600.79999999999995,501.6,485,485,485,0,0,0,369.3,451.9,451.9,0,0,0,573.20000000000005,562.20000000000005,451.9,529.1,529.1,407.9,391.3,391.3,132.30000000000001]
["205-BP",265,325,435,451.9,479.5,405,405,405,405,396.8,0,0,0,242.5,286.60000000000002,341.7,0,0,0,385.8,385.8,374.8,325.2,325.2,270.10000000000002,255,255,143.30000000000001]
["205-DL",551.20000000000005,610,578.70000000000005,705,705,580,534.6,534.6,534.6,534.6,0,0,0,402.3,485,523.6,0,0,0,633.79999999999995,622.79999999999995,580,580,580,580,580,580,270.10000000000002]
["205-TL",1218.0999999999999,1445,1559.8,1700,1736.1,1504.7,1427.5,1416.5,1416.5,1416.5,0,0,0,1014.1,1223.5999999999999,1223.5999999999999,0,0,0,1565.3,1548.7,1322.8,1405.4,1405.4,1190.5,1180,1180,545.6]
["231-SQ",375,600,630,633.79999999999995,788.2,640,578.70000000000005,534.6,534.6,501.6,0,0,0,231.5,468.5,529.1,0,0,0,578.70000000000005,688.9,545.6,545.6,424.4,410,308.60000000000002,308.60000000000002,0]
["231-BP",265,410,465,465,518.1,429.9,413.4,413.4,413.4,407.9,0,0,0,170.9,303.10000000000002,402.3,0,0,0,402.3,424.4,340,386.9,320,320,237,237,0]
["231-DL",385,628.29999999999995,675,766.1,766.1,670,655.9,573.20000000000005,562.20000000000005,551.20000000000005,0,0,0,275.60000000000002,540.1,589.70000000000005,0,0,0,661.4,716.5,584.20000000000005,584.20000000000005,535,535,418.9,418.9,0]
["231-TL",995,1565,1675,1785.7,2006.2,1692,1620.4,1499.1,1499.1,1460.6,0,0,0,677.9,1311.8,1438.5,0,0,0,1631.4,1802.3,1405.4,1388.9,1240,1240,964.5,964.5,0]
["264-SQ",550,605,680,793.7,821.2,655,655,620,0,413.4,0,0,0,0,451.9,589.70000000000005,0,0,0,617.29999999999995,683.4,600.79999999999995,600.79999999999995,485,496,402.3,385.8,0]
["264-BP",260,402.3,523.6,523.6,600.79999999999995,435,435,424.4,0,345,0,0,0,0,336.2,385.8,0,0,0,391.3,424.4,385.8,385.8,347.2,347.2,347.2,253.5,0]
["264-DL",520,630,628.29999999999995,695,800,650,635,625,0,474,0,0,0,0,501.6,611.79999999999995,0,0,0,672.4,722,611.79999999999995,600,600,562.20000000000005,463,463,0]
["264-TL",1300,1540,1780,1780,2077.9,1710,1710,1665,0,1230,0,0,0,0,1289.7,1576.3,0,0,0,1664.5,1813.3,1504.7,1427.5,1385,1399.9,1174,1102.3,0]
["264+-SQ",0,620,755,804.7,870.8,865.3,865.3,534.6,0,479.5,0,0,0,0,418.9,606.29999999999995,0,0,0,700,775,716.5,716.5,534.6,479.5,479.5,0,0]
["264+-BP",0,390,451.9,529.1,633.79999999999995,611.79999999999995,584.20000000000005,435.4,0,341.7,0,0,0,0,325.2,380.3,0,0,0,435.4,523.6,523.6,523.6,341.7,341.7,341.7,0,0]
["264+-DL",0,575,695,755.1,881.8,870.8,870.8,573.20000000000005,0,501.6,0,0,0,0,529.1,622.79999999999995,0,0,0,755.1,843.3,843.3,843.3,567.70000000000005,529.1,529.1,0,0]
["264+-TL",0,1535,1980,2050.3000000000002,2342.4,2331.4,2320.4,1504.7,0,1322.8,0,0,0,0,1207,1603.9,0,0,0,1873.9,2066.8000000000002,2066.8000000000002,2066.8000000000002,1405.4,1339.3,1339.3,0,0]
["66-BPO",0,0,0,0,0,0,0,0,0,0,0,0,0,0,0,0,0,0,0,0,0,0,0,0,0,0,0,0]
["77-BPO",0,0,0,0,0,0,0,0,0,0,0,0,0,0,0,0,0,0,0,0,0,0,0,0,0,0,0,0]
["88-BPO",0,0,0,0,0,0,0,0,0,0,0,0,0,0,0,0,0,0,0,0,0,0,0,0,0,0,0,0]
["97-BPO",0,0,0,0,0,0,0,0,0,0,0,0,0,0,0,0,0,0,0,0,0,0,0,0,0,0,0,0]
["105-BPO",0,0,0,0,0,0,0,0,0,0,0,0,0,0,0,0,0,0,0,0,0,0,0,0,0,0,0,0]
["116-BPO",0,0,0,0,0,0,0,0,0,0,0,0,0,93.7,0,0,0,0,0,0,0,0,0,0,0,0,0,0]
["130-BPO",225,235,245,0,320,145,0,0,0,0,0,0,0,0,215,203.9,0,0,0,0,215,0,0,0,0,0,0,0]
["145-BPO",210,280,259,280,402.3,265,0,0,0,0,0,0,0,121.3,121.3,121.3,0,0,0,303.10000000000002,303.10000000000002,0,0,0,0,0,0,0]
["163-BPO",220,305,305,308.60000000000002,385.8,320,0,237,0,0,0,0,0,181.9,231.5,259,0,0,132.30000000000001,347.2,407.9,308.60000000000002,292.10000000000002,297.60000000000002,0,0,0,0]
["183-BPO",270,405,385.8,405,540.1,415,0,355,297.60000000000002,297.60000000000002,280,0,0,209.4,336.2,303.10000000000002,0,0,0,347.2,407.9,358.3,352.7,330.7,259,259,248,231.5]
["205-BPO",265,380.3,435,451.9,479.5,440.9,440.9,429.9,405,396.8,0,0,0,242.5,380.3,380.3,0,0,0,385.8,391.3,391.3,391.3,385.8,270.10000000000002,255,255,143.30000000000001]
["231-BPO",270,424.4,465,465,518.1,503.8,503.8,479.5,413.4,407.9,0,0,0,170.9,303.10000000000002,402.3,0,0,0,402.3,424.4,396.8,396.8,396.8,336.2,275.60000000000002,275.60000000000002,270.10000000000002]
["264-BPO",260,402.3,523.6,523.6,600.79999999999995,435,435,424.4,345,345,0,0,0,0,336.2,385.8,0,0,0,391.3,424.4,402.3,402.3,352.7,347.2,347.2,253.5,281.10000000000002]
["264+-BPO",0,390,451.9,529.1,633.79999999999995,611.79999999999995,584.20000000000005,435.4,407.9,341.7,0,315,290,0,325.2,380.3,0,0,0,468.5,523.6,523.6,523.6,341.7,341.7,341.7,0,0]
["66-DLO",0,0,0,0,0,0,0,0,0,0,0,0,0,0,0,0,0,0,0,0,0,0,0,0,0,0,0,0]
["77-DLO",0,0,0,0,0,0,0,0,0,0,0,0,0,0,0,0,0,0,0,0,0,0,0,0,0,0,0,0]
["88-DLO",0,0,0,0,0,0,0,0,0,0,0,0,0,0,0,0,0,0,0,0,0,0,0,0,0,0,0,0]
["97-DLO",0,0,0,0,0,0,0,0,0,0,0,0,0,0,0,0,0,0,0,0,0,0,0,0,0,0,0,0]
["105-DLO",0,0,0,0,0,0,0,0,0,0,0,0,0,0,0,0,0,0,0,0,0,0,0,0,0,0,0,0]
["116-DLO",0,0,0,0,0,0,0,0,0,0,0,0,0,0,0,0,0,0,0,0,0,0,0,0,0,0,0,0]
["130-DLO",0,0,0,0,0,0,0,0,0,0,0,0,0,0,0,0,0,0,0,0,0,0,0,0,0,0,0,0]
["145-DLO",0,0,0,0,0,0,0,0,0,0,0,0,0,0,0,0,0,0,0,0,0,0,0,0,0,0,0,0]
["163-DLO",0,0,0,0,0,0,0,0,0,0,0,0,0,0,0,0,0,0,0,0,0,0,0,0,0,0,0,0]
["183-DLO",0,0,0,0,0,0,0,0,0,0,0,0,0,0,0,0,0,0,0,0,0,0,0,0,0,0,0,0]
["205-DLO",0,0,0,0,0,0,0,0,0,0,0,0,0,0,0,0,0,0,0,0,0,0,0,0,0,0,0,0]
["231-DLO",0,0,0,0,0,0,0,0,0,0,0,0,0,0,0,0,0,0,0,0,0,0,0,0,0,0,0,0]
["264-DLO",0,0,0,0,0,0,0,0,0,0,0,0,0,0,0,0,0,0,0,0,0,0,0,0,0,0,0,0]
["264+-DLO",0,0,0,0,0,0,0,0,0,0,0,0,0,0,0,0,0,0,0,0,0,0,0,0,0,0,0,0]
["66-SQ",0,0,0,0,0,0,0,0,0,0,0,0,0,0,0,0,66.099999999999994,66.099999999999994,66.099999999999994,0,0,0,0,0,0,0,0,0]
["66-BP",0,0,0,0,0,0,0,0,0,0,0,0,0,0,0,0,33.1,33.1,33.1,0,0,0,0,0,0,0,0,0]
["66-DL",0,0,0,0,0,0,0,0,0,0,0,0,0,0,0,0,115.7,115.7,115.7,0,0,0,0,0,0,0,0,0]
["66-TL",0,0,0,0,0,0,0,0,0,0,0,0,0,0,0,0,215,215,215,0,0,0,0,0,0,0,0,0]
["77-SQ",0,0,0,0,0,0,0,0,0,0,0,0,0,0,0,0,0,0,0,0,0,0,0,0,0,0,0,0]
["77-BP",0,0,0,0,0,0,0,0,0,0,0,0,0,0,0,0,0,0,0,0,0,0,0,0,0,0,0,0]
["77-DL",0,0,0,0,0,0,0,0,0,0,0,0,0,0,0,0,0,0,0,0,0,0,0,0,0,0,0,0]
["77-TL",0,0,0,0,0,0,0,0,0,0,0,0,0,0,0,0,0,0,0,0,0,0,0,0,0,0,0,0]
["88-SQ",0,0,0,0,0,0,0,0,0,0,0,0,0,0,0,0,0,0,0,0,0,0,0,0,0,0,0,0]
["88-BP",0,0,0,0,0,0,0,0,0,0,0,0,0,0,0,0,0,0,0,0,0,0,0,0,0,0,0,0]
["88-DL",0,0,0,0,0,0,0,0,0,0,0,0,0,0,0,0,0,0,0,0,0,0,0,0,0,0,0,0]
["88-TL",0,0,0,0,0,0,0,0,0,0,0,0,0,0,0,0,0,0,0,0,0,0,0,0,0,0,0,0]
["94-SQ",0,0,0,0,0,0,0,0,0,0,0,0,0,66.099999999999994,66.099999999999994,66.099999999999994,0,0,0,66.099999999999994,0,0,0,0,0,0,0,0]
["94-BP",0,0,0,0,0,0,0,0,0,0,0,0,0,33.1,33.1,33.1,0,0,0,33.1,0,0,0,0,0,0,0,0]
["94-DL",0,0,0,0,0,0,0,0,0,0,0,0,0,115.7,115.7,115.7,0,0,0,115.7,0,0,0,0,0,0,0,0]
["94-TL",0,0,0,0,0,0,0,0,0,0,0,0,0,215,215,215,0,0,0,215,0,0,0,0,0,0,0,0]
["103-SQ",0,0,0,55,281.10000000000002,0,0,0,0,0,0,0,0,66.099999999999994,66.099999999999994,66.099999999999994,0,0,0,170.9,192.9,203.9,0,0,0,0,0,0]
["103-BP",0,0,0,95,176.4,0,0,0,0,0,0,0,0,33.1,33.1,33.1,0,0,0,104.7,148.80000000000001,137.80000000000001,0,0,0,0,0,0]
["103-DL",0,0,0,105,330.7,0,0,0,0,0,0,0,0,115.7,115.7,115.7,0,0,0,187.4,330.7,303.10000000000002,0,0,0,0,0,0]
["103-TL",0,0,0,255,782.6,0,0,0,0,0,0,0,0,215,215,215,0,0,0,463,672.4,644.9,0,0,0,0,0,0]
["114-SQ",225,180,205,225,325.2,237,237,0,0,0,0,0,0,126.8,0,0,0,0,0,248,248,220.5,0,0,0,0,0,0]
["114-BP",115,120,150,150,237,121.3,121.3,0,0,0,0,0,0,93.7,0,0,0,0,0,148.80000000000001,159.80000000000001,159.80000000000001,0,0,0,0,0,0]
["114-DL",225,200,305,305,402.3,264.60000000000002,264.60000000000002,0,0,0,0,0,0,154.30000000000001,0,0,0,0,0,319.7,336.2,336.2,0,0,0,0,0,0]
["114-TL",565,480,660,660,881.8,611.79999999999995,611.79999999999995,0,0,0,0,0,0,374.8,0,0,0,0,0,716.5,716.5,716.5,0,0,0,0,0,0]
["125-SQ",265,215,250,292.10000000000002,300,0,242.5,0,0,0,0,0,0,165.3,215,215,0,0,165.3,292.10000000000002,292.10000000000002,203.9,198.4,0,0,0,0,0]
["125-BP",125,140,115,165,226,0,165.3,0,0,0,0,0,0,99.2,126.8,126.8,0,0,99.2,148.80000000000001,165.3,126.8,121.3,0,0,0,0,0]
["125-DL",280,265,255,280,352.7,0,275.60000000000002,0,0,0,0,0,0,203.9,242.5,242.5,0,0,203.9,319.7,330.7,270.10000000000002,242.5,0,0,0,0,0]
["125-TL",670,600,580,670,780,0,683.4,0,0,0,0,0,0,468.5,584.20000000000005,584.20000000000005,0,0,468.5,760.6,760.6,600.79999999999995,562.20000000000005,0,0,0,0,0]
["138-SQ",215,280,265,0,355,303.10000000000002,303.10000000000002,209.4,0,190,0,0,0,143.30000000000001,0,209.4,0,0,0,245,308.60000000000002,253.5,253.5,209.4,209.4,0,0,0]
["138-BP",130,130,105,0,237,237,209.4,151,0,65,0,0,0,93.7,0,126.8,0,0,0,137.80000000000001,181.9,151,151,151,143.30000000000001,0,0,0]
["138-DL",230,330,300,0,370,341.7,341.7,281.10000000000002,0,230,0,0,0,187.4,0,226,0,0,0,281.10000000000002,391.3,352.7,352.7,303.10000000000002,303.10000000000002,0,0,0]
["138-TL",545,740,665,0,860,854.3,854.3,628.29999999999995,0,485,0,0,0,424.4,0,562.20000000000005,0,0,0,640,881.8,738.5,738.5,650.4,650.4,0,0,0]
["158-SQ",240,303.10000000000002,457.5,457.5,457.5,290,165.3,181.9,0,0,0,0,0,0,187.4,358.3,0,0,0,358.3,358.3,220.5,242.5,215,0,0,0,0]
["158-BP",115,148.80000000000001,220.5,220.5,225,205,154.30000000000001,148.80000000000001,0,0,0,0,0,0,110.2,154.30000000000001,0,0,0,154.30000000000001,198.4,148.80000000000001,148.80000000000001,148.80000000000001,0,0,0,0]
["158-DL",245,385.8,424.4,424.4,424.4,320,286.60000000000002,209.4,0,0,0,0,0,0,253.5,402.3,0,0,0,402.3,402.3,303.10000000000002,341.7,292.10000000000002,0,0,0,0]
["158-TL",600,837.8,1102.3,1102.3,1102.3,625,606.29999999999995,540.1,0,0,0,0,0,0,551.20000000000005,903.9,0,0,0,903.9,903.9,650.4,716.5,644.9,0,0,0,0]
["185-SQ",300,385.8,286.60000000000002,385.8,395,270,200,200,0,0,0,0,0,159.80000000000001,159.80000000000001,374.8,0,0,159.80000000000001,374.8,374.8,253.5,253.5,0,0,0,176.4,0]
["185-BP",170,180,145,180,245,125,110,110,0,0,0,0,0,82.7,82.7,165.3,0,0,82.7,165.3,198.4,170.9,154.30000000000001,0,0,0,88.2,0]
["185-DL",280,407.9,300,407.9,450,315,315,315,0,0,0,0,0,187.4,187.4,396.8,0,0,187.4,396.8,402.3,319.7,281.10000000000002,0,0,0,231.5,0]
["185-TL",750,970,711,970,1012,670,590,590,0,0,0,0,0,429.9,429.9,937,0,0,429.9,937,937,644.9,639.29999999999995,0,0,0,496,0]
["185+-SQ",0,185,413.4,413.4,425,305,0,285,285,0,0,0,0,352.7,0,0,0,0,0,352.7,451.9,308.60000000000002,253.5,0,0,215,0,0]
["185+-BP",0,95,192.9,192.9,226,240,0,240,240,0,0,0,0,176.4,0,0,0,0,0,176.4,231.5,159.80000000000001,148.80000000000001,0,0,148.80000000000001,0,0]
["185+-DL",0,205,435.4,435.4,435.4,418.9,0,335,335,0,0,0,0,380.3,0,0,0,0,0,380.3,468.5,336.2,314.2,0,0,314.2,0,0]
["185+-TL",0,485,1036.2,1036.2,1047.2,909.4,0,860,860,0,0,0,0,909.4,0,0,0,0,0,909.4,1129.9000000000001,799.2,705.5,0,0,639.29999999999995,0,0]
["66-BPO",0,0,0,0,0,0,0,0,0,0,0,0,0,0,0,0,33.1,33.1,33.1,0,0,0,0,0,0,0,0,0]
["77-BPO",0,0,0,0,0,0,0,0,0,0,0,0,0,0,0,0,0,0,0,0,0,0,0,0,0,0,0,0]
["88-BPO",0,0,0,0,0,0,0,0,0,0,0,0,0,0,0,0,0,0,0,0,0,0,0,0,0,0,0,0]
["94-BPO",0,0,0,0,0,0,0,0,0,0,0,0,0,33.1,33.1,33.1,0,0,0,33.1,0,0,0,0,0,0,0,0]
["103-BPO",0,0,0,95,176.4,0,0,0,0,0,0,0,0,33.1,33.1,33.1,0,0,0,104.7,148.80000000000001,137.80000000000001,0,0,0,0,0,0]
["114-BPO",115,120,150,150,237,121.3,121.3,0,0,0,0,0,0,93.7,0,0,0,0,0,148.80000000000001,159.80000000000001,159.80000000000001,0,0,0,0,0,0]
["125-BPO",125,140,115,165,226,165.3,165.3,0,0,0,0,0,0,99.2,126.8,126.8,0,0,99.2,148.80000000000001,170.9,132.30000000000001,132.30000000000001,132.30000000000001,0,0,0,0]
["138-BPO",130,130,105,165.3,237,237,209.4,151,0,70,0,0,0,93.7,0,126.8,0,0,0,165.3,181.9,154.30000000000001,154.30000000000001,154.30000000000001,143.30000000000001,0,0,0]
["158-BPO",115,165.3,220.5,220.5,231.5,226,154.30000000000001,148.80000000000001,137.80000000000001,0,0,0,0,0,110.2,154.30000000000001,0,0,0,154.30000000000001,198.4,148.80000000000001,148.80000000000001,148.80000000000001,0,0,0,0]
["185-BPO",170,180,145,180,264.60000000000002,125,110,110,0,0,0,0,0,82.7,82.7,165.3,0,0,82.7,198.4,198.4,192.9,192.9,0,0,0,88.2,0]
["185+-BPO",0,95,192.9,215,292.10000000000002,292.10000000000002,0,292.10000000000002,292.10000000000002,292.10000000000002,0,0,0,176.4,0,0,0,0,0,176.4,231.5,187.4,187.4,0,0,187.4,0,0]
["66-DLO",0,0,0,0,0,0,0,0,0,0,0,0,0,0,0,0,0,0,0,0,0,0,0,0,0,0,0,0]
["77-DLO",0,0,0,0,0,0,0,0,0,0,0,0,0,0,0,0,0,0,0,0,0,0,0,0,0,0,0,0]
["88-DLO",0,0,0,0,0,0,0,0,0,0,0,0,0,0,0,0,0,0,0,0,0,0,0,0,0,0,0,0]
["94-DLO",0,0,0,0,0,0,0,0,0,0,0,0,0,0,0,0,0,0,0,0,0,0,0,0,0,0,0,0]
["103-DLO",0,0,0,0,0,0,0,0,0,0,0,0,0,0,0,0,0,0,0,0,0,0,0,0,0,0,0,0]
["114-DLO",0,0,0,0,0,0,0,0,0,0,0,0,0,0,0,0,0,0,0,0,0,0,0,0,0,0,0,0]
["125-DLO",0,0,0,0,0,0,0,0,0,0,0,0,0,0,0,0,0,0,0,0,0,0,0,0,0,0,0,0]
["138-DLO",0,0,0,0,0,0,0,0,0,0,0,0,0,0,0,0,0,0,0,0,0,0,0,0,0,0,0,0]
["158-DLO",0,0,0,0,0,0,0,0,0,0,0,0,0,0,0,0,0,0,0,0,0,0,0,0,0,0,0,0]
["185-DLO",0,0,0,0,0,0,0,0,0,0,0,0,0,0,0,0,0,0,0,0,0,0,0,0,0,0,0,0]
["185+-DLO",0,0,0,0,0,0,0,0,0,0,0,0,0,0,0,0,0,0,0,0,0,0,0,0,0,0,0,0]